{"id":7,"date":"2023-06-20T13:25:51","date_gmt":"2023-06-20T13:25:51","guid":{"rendered":"https:\/\/lugardemarmolejo.es\/?page_id=7"},"modified":"2023-06-23T17:27:20","modified_gmt":"2023-06-23T17:27:20","slug":"principal","status":"publish","type":"page","link":"https:\/\/lugardemarmolejo.es\/","title":{"rendered":""},"content":{"rendered":"\n<p class=\"has-text-align-left\">Esta p\u00e1gina nace con pretensiones de ser un escaparate donde se visualicen aspectos a\u00fan poco conocidos del legado hist\u00f3rico y cultural que a lo largo de los a\u00f1os fueron generando los marmoleje\u00f1os y marmoleje\u00f1as que nos precedieron. Pretendo realizar ese intento de manera apasionada, pero tambi\u00e9n reflexiva, sumando un granito de arena m\u00e1s a la labor realizada, en los \u00faltimos a\u00f1os desde instituciones, asociaciones culturales, o por determinadas personas a iniciativa particular.<\/p>\n\n\n\n<p class=\"has-text-align-left\">\u201cEl Lugar de Marmolejo\u201d, nombre antiguo con el que se nos conoci\u00f3 desde la Edad Media y hasta \u00e9pocas no muy distantes en el tiempo, dispondr\u00e1 de tres secciones; la Historia propiamente dicha, los Personajes, y el Patrimonio Cultural y Etnogr\u00e1fico de nuestro pueblo; apartados que intentar\u00e9 enriquecer no solo con mis aportaciones, sino tambi\u00e9n con las colaboraciones escritas y testimonios orales o gr\u00e1ficos de las personas estudiosas y apasionadas con nuestra historia y nuestra cultura. Esta p\u00e1gina tendr\u00e1 siempre las puertas abiertas para ellas.<\/p>\n\n\n\n<p class=\"has-text-align-left\">Se trata, por tanto, de saldar una vieja deuda, ya que&nbsp; hemos sido, con frecuencia, crueles con el legado heredado del pasado; d\u00e1ndole las espaldas a ese rico patrimonio transmitido por nuestros ancestros, los m\u00e1s lejanos y los m\u00e1s cercanos; de la&nbsp; misma manera que fuimos olvidadizos con los personajes desaparecidos que supieron aportarnos valores y h\u00e1bitos de comportamiento positivos en beneficio de toda la colectividad. Por ello es bueno reivindicar igualmente sus virtudes y su papel en nuestra historia local.<\/p>\n\n\n\n<p class=\"has-text-align-left\">\u200bDespreciamos con frecuencia, muy a la ligera, lo creado con mimo y sabidur\u00eda por quienes nos precedieron, hasta el punto de que en menos de media centuria se borraron de la fisonom\u00eda cotidiana en la que nacimos y vivimos, lugares y edificios entra\u00f1ables creados a lo largo de los a\u00f1os&nbsp; y que tanto contribuyeron a mejorar y a dignificar la imagen de aquel \u201cLugar\u201d del Bajo-medievo de aspecto aldeano y sencillo que anhelaba poder forjar alg\u00fan d\u00eda su propio destino sin la tutela de la vecina And\u00fajar.<\/p>\n\n\n\n<p class=\"has-text-align-left\">Ese legado arquitect\u00f3nico que muchos conocimos en nuestra infancia reducido, hoy \u00a0d\u00eda, a la \u00a0m\u00e1s m\u00ednima expresi\u00f3n, surgir\u00eda \u00a0de la capacidad creadora de una cualificada generaci\u00f3n de maestros alba\u00f1iles, carpinteros y herreros forjadores y del impulso econ\u00f3mico, como no, de los sectores p\u00fablicos, religiosos y privados de la localidad, encarnados en este caso, por Ayuntamiento, mecenas como los Condes de Villaverde y Eduardo Le\u00f3n y Llerena, y\u00a0 de comerciantes e industriales con cierta solvencia. Se trat\u00f3, en definitiva, de una corriente regeneracionista cuyo prop\u00f3sito fue situar a Marmolejo en un nivel digno de peque\u00f1a ciudad\u00a0 y que nos dej\u00f3 su huella en un rico muestrario de inmuebles y espacios emblem\u00e1ticos, a saber: Jard\u00edn Bot\u00e1nico del Balneario, plantado hacia 1883-84 por el jardinero del Jard\u00edn Bot\u00e1nico de C\u00f3rdoba, Manuel M\u00e9ndez C\u00f3rdova;\u00a0 la iglesia parroquial de Ntra. Sra. de la Paz, remodelada en 1900 por el arquitecto provincial Justino Flores Llamas (1898-1900); el Gran Hotel Balneario de la Sociedad de Aguas Minero Medicinales, obra del arquitecto Lorenzo Gallego Llamas, inaugurado el 3 de mayo de 1923, y cuyas obras dirigiera el afamado maestro de obras, residente en And\u00fajar, Jos\u00e9 Corbella Pen\u00e9; o, como no, el nuevo edificio del Ayuntamiento, realizado por el arquitecto provincial Luis Berges Mart\u00ednez, donde probablemente trabajara tambi\u00e9n \u201cel maestro Corbella\u201d, inaugurado los primeros d\u00edas de septiembre de 1929 durante la alcald\u00eda de Juan Luis Burlo G\u00f3nima.<\/p>\n\n\n<div class=\"wp-block-image\">\n<figure class=\"alignleft is-resized\"><img fetchpriority=\"high\" decoding=\"async\" src=\"https:\/\/static.wixstatic.com\/media\/7e23fc_6b0813a0cc7426b924d9c1d8ff4637a3.jpg\/v1\/fill\/w_499,h_332,al_c,q_80,usm_0.66_1.00_0.01,enc_auto\/7e23fc_6b0813a0cc7426b924d9c1d8ff4637a3.jpg\" alt=\"\" width=\"433\" height=\"289\"\/><figcaption class=\"wp-element-caption\"><strong>Fotograf\u00eda antigua del Balneario y Puente de Marmolejo<\/strong><\/figcaption><\/figure>\n<\/div>\n\n\n<p>Pero adem\u00e1s de este patrimonio impulsado en el \u00e1rea urbana en esos a\u00f1os de m\u00e1xima proyecci\u00f3n nacional del Balneario, Marmolejo cont\u00f3 igualmente con un interesante patrimonio de casas solariegas del XVIII y del XIX, as\u00ed como un n\u00famero elevado de bell\u00edsimas caser\u00edas y un sin fin de peque\u00f1as viviendas rurales esparcidas por su entorno geogr\u00e1fico, pr\u00e1cticamente desaparecidas, de las que s\u00f3lo nos quedan ya escasas huellas fotogr\u00e1ficas y alguna que otra ruina de aspecto rom\u00e1ntico.<\/p>\n\n\n\n<p>La acci\u00f3n creativa de mejora de aquel escenario vital quedar\u00eda complementada con una intensa actividad cultural y art\u00edstica enriquecida con las aportaciones de numerosas personalidades pol\u00edticas y culturales del pa\u00eds y de nuestro entorno m\u00e1s cercano, que pasaron&nbsp; por aqu\u00ed, a\u00f1o tras a\u00f1o, buscando los beneficios de nuestras aguas. Al tiempo brillaron como dinamizadores del panorama&nbsp; cultural marmoleje\u00f1o otros personajes de calado local como el escritor Antonio Alcal\u00e1 Venceslada, el alfarero Francisco Vallejo, el farmac\u00e9utico Tom\u00e1s Calero Arias; Julia Perales y su esposo Bartolom\u00e9 Vizcaino, (propietarios de un dign\u00edsimo teatro), o el joven Jos\u00e9 Guti\u00e9rrez Alcal\u00e1 desde su particular atalaya de republicano convencido en el diario local \u201cEl Independiente\u201d.<\/p>\n\n\n\n<p>Otra entidad, de car\u00e1cter social, como \u201cEl Centro Instructivo Obrero, bajo la tutela doctrinal del maestro de primaria Jos\u00e9 Lorite Castor y el trabajador del campo Gaspar Casas Cano, fue en su d\u00eda un lugar catalizador de los justos anhelos de la clase trabajadora local y&nbsp; un claro referente de la cultura laica orientada hacia la formaci\u00f3n de la clase jornalera a trav\u00e9s de m\u00e9todos pedag\u00f3gicos innovadores dentro de la l\u00ednea practicada por la&nbsp; Instituci\u00f3n Libre de Ense\u00f1anza.<\/p>\n\n\n\n<p>Todo este conjunto de factores elevaron&nbsp; de tal manera el cachet de Marmolejo, que no result\u00f3 dif\u00edcil para nuestras autoridades locales mantener fluidas relaciones con el gobierno de la naci\u00f3n y algunas de sus \u00e9lites culturales; am\u00e9n de ocupar p\u00e1ginas y p\u00e1ginas en los noticiarios y revistas m\u00e1s importantes del pa\u00eds, dando cuenta de las bondades de nuestras aguas y de las visitas realizadas por numerosas personalidades de primer orden en cualesquiera de los \u00e1mbitos de la actividad humana nacional.<\/p>\n\n\n\n<p>Ahora nos toca recuperar parte de todo ese legado para ponerlo a disposici\u00f3n de las generaciones futuras. Con ello no s\u00f3lo rendiremos un digno homenaje a nuestros antepasados sino que al mismo tiempo afianzaremos &nbsp;nuestras &nbsp;propias &nbsp; se\u00f1as &nbsp;de &nbsp;identidad &nbsp;colectivas, &nbsp;para poder&nbsp;afrontar m\u00e1s s\u00f3lidamente los retos del futuro.<\/p>\n\n\n<div class=\"wp-block-image\">\n<figure class=\"alignright is-resized\"><img decoding=\"async\" src=\"https:\/\/static.wixstatic.com\/media\/7e23fc_2bedc4402c7a46fd95faa1229d40d494.png\/v1\/fill\/w_564,h_363,al_c,lg_1,q_85,enc_auto\/7e23fc_2bedc4402c7a46fd95faa1229d40d494.png\" alt=\"\" width=\"463\" height=\"298\"\/><figcaption class=\"wp-element-caption\"><strong>Marmolejo a principios de siglo XX.<\/strong><\/figcaption><\/figure>\n<\/div>\n\n\n<p>Mi agradecimiento, finalmente, a mi mujer Antonia Merino Jurado, sin cuyo apoyo y ayuda en la labor de b\u00fasqueda de tantos y tantos\u00a0 documentos, ser\u00eda harto dif\u00edcil llevar a buen puerto este proyecto; al eficiente equipo de desinteresados\/as colaboradores\/as y amigos\/as de quien ir\u00e9 dando cuenta en su momento, y a eDVision por el dise\u00f1o y mantenimiento de esta p\u00e1gina, por el entusiasmo y admirable predisposici\u00f3n dispensada desde el primer momento.<\/p>\n\n\n\n<p><\/p>\n\n\n\n<p><strong>Manuel Perales Sol\u00eds<\/strong><\/p>\n","protected":false},"excerpt":{"rendered":"<p>Esta p\u00e1gina nace con pretensiones de ser un escaparate donde se visualicen aspectos a\u00fan poco conocidos del legado hist\u00f3rico y cultural que a lo largo de los a\u00f1os fueron generando los marmoleje\u00f1os y marmoleje\u00f1as que nos precedieron. Pretendo realizar ese intento de manera apasionada, pero tambi\u00e9n reflexiva, sumando un granito de arena m\u00e1s a la [&hellip;]<\/p>\n","protected":false},"author":1,"featured_media":0,"parent":0,"menu_order":0,"comment_status":"closed","ping_status":"closed","template":"page-templates\/full-width.php","meta":{"footnotes":""},"class_list":["post-7","page","type-page","status-publish","hentry"],"yoast_head":"<!-- This site is optimized with the Yoast SEO plugin v25.2 - https:\/\/yoast.com\/wordpress\/plugins\/seo\/ -->\n<title>- El lugar de Marmolejo<\/title>\n<meta name=\"robots\" content=\"index, follow, max-snippet:-1, max-image-preview:large, max-video-preview:-1\" \/>\n<link rel=\"canonical\" href=\"https:\/\/lugardemarmolejo.es\/\" \/>\n<meta property=\"og:locale\" content=\"es_ES\" \/>\n<meta property=\"og:type\" content=\"article\" \/>\n<meta property=\"og:title\" content=\"- El lugar de Marmolejo\" \/>\n<meta property=\"og:description\" content=\"Esta p\u00e1gina nace con pretensiones de ser un escaparate donde se visualicen aspectos a\u00fan poco conocidos del legado hist\u00f3rico y cultural que a lo largo de los a\u00f1os fueron generando los marmoleje\u00f1os y marmoleje\u00f1as que nos precedieron. Pretendo realizar ese intento de manera apasionada, pero tambi\u00e9n reflexiva, sumando un granito de arena m\u00e1s a la [&hellip;]\" \/>\n<meta property=\"og:url\" content=\"https:\/\/lugardemarmolejo.es\/\" \/>\n<meta property=\"og:site_name\" content=\"El lugar de Marmolejo\" \/>\n<meta property=\"article:modified_time\" content=\"2023-06-23T17:27:20+00:00\" \/>\n<meta property=\"og:image\" content=\"https:\/\/static.wixstatic.com\/media\/7e23fc_6b0813a0cc7426b924d9c1d8ff4637a3.jpg\/v1\/fill\/w_499,h_332,al_c,q_80,usm_0.66_1.00_0.01,enc_auto\/7e23fc_6b0813a0cc7426b924d9c1d8ff4637a3.jpg\" \/>\n<meta name=\"twitter:card\" content=\"summary_large_image\" \/>\n<meta name=\"twitter:label1\" content=\"Tiempo de lectura\" \/>\n\t<meta name=\"twitter:data1\" content=\"6 minutos\" \/>\n<script type=\"application\/ld+json\" class=\"yoast-schema-graph\">{\"@context\":\"https:\/\/schema.org\",\"@graph\":[{\"@type\":\"WebPage\",\"@id\":\"https:\/\/lugardemarmolejo.es\/\",\"url\":\"https:\/\/lugardemarmolejo.es\/\",\"name\":\"- El lugar de Marmolejo\",\"isPartOf\":{\"@id\":\"https:\/\/lugardemarmolejo.es\/#website\"},\"primaryImageOfPage\":{\"@id\":\"https:\/\/lugardemarmolejo.es\/#primaryimage\"},\"image\":{\"@id\":\"https:\/\/lugardemarmolejo.es\/#primaryimage\"},\"thumbnailUrl\":\"https:\/\/static.wixstatic.com\/media\/7e23fc_6b0813a0cc7426b924d9c1d8ff4637a3.jpg\/v1\/fill\/w_499,h_332,al_c,q_80,usm_0.66_1.00_0.01,enc_auto\/7e23fc_6b0813a0cc7426b924d9c1d8ff4637a3.jpg\",\"datePublished\":\"2023-06-20T13:25:51+00:00\",\"dateModified\":\"2023-06-23T17:27:20+00:00\",\"inLanguage\":\"es\",\"potentialAction\":[{\"@type\":\"ReadAction\",\"target\":[\"https:\/\/lugardemarmolejo.es\/\"]}]},{\"@type\":\"ImageObject\",\"inLanguage\":\"es\",\"@id\":\"https:\/\/lugardemarmolejo.es\/#primaryimage\",\"url\":\"https:\/\/static.wixstatic.com\/media\/7e23fc_6b0813a0cc7426b924d9c1d8ff4637a3.jpg\/v1\/fill\/w_499,h_332,al_c,q_80,usm_0.66_1.00_0.01,enc_auto\/7e23fc_6b0813a0cc7426b924d9c1d8ff4637a3.jpg\",\"contentUrl\":\"https:\/\/static.wixstatic.com\/media\/7e23fc_6b0813a0cc7426b924d9c1d8ff4637a3.jpg\/v1\/fill\/w_499,h_332,al_c,q_80,usm_0.66_1.00_0.01,enc_auto\/7e23fc_6b0813a0cc7426b924d9c1d8ff4637a3.jpg\"},{\"@type\":\"WebSite\",\"@id\":\"https:\/\/lugardemarmolejo.es\/#website\",\"url\":\"https:\/\/lugardemarmolejo.es\/\",\"name\":\"El lugar de Marmolejo\",\"description\":\"\",\"potentialAction\":[{\"@type\":\"SearchAction\",\"target\":{\"@type\":\"EntryPoint\",\"urlTemplate\":\"https:\/\/lugardemarmolejo.es\/?s={search_term_string}\"},\"query-input\":{\"@type\":\"PropertyValueSpecification\",\"valueRequired\":true,\"valueName\":\"search_term_string\"}}],\"inLanguage\":\"es\"}]}<\/script>\n<!-- \/ Yoast SEO plugin. -->","yoast_head_json":{"title":"- El lugar de Marmolejo","robots":{"index":"index","follow":"follow","max-snippet":"max-snippet:-1","max-image-preview":"max-image-preview:large","max-video-preview":"max-video-preview:-1"},"canonical":"https:\/\/lugardemarmolejo.es\/","og_locale":"es_ES","og_type":"article","og_title":"- El lugar de Marmolejo","og_description":"Esta p\u00e1gina nace con pretensiones de ser un escaparate donde se visualicen aspectos a\u00fan poco conocidos del legado hist\u00f3rico y cultural que a lo largo de los a\u00f1os fueron generando los marmoleje\u00f1os y marmoleje\u00f1as que nos precedieron. Pretendo realizar ese intento de manera apasionada, pero tambi\u00e9n reflexiva, sumando un granito de arena m\u00e1s a la [&hellip;]","og_url":"https:\/\/lugardemarmolejo.es\/","og_site_name":"El lugar de Marmolejo","article_modified_time":"2023-06-23T17:27:20+00:00","og_image":[{"url":"https:\/\/static.wixstatic.com\/media\/7e23fc_6b0813a0cc7426b924d9c1d8ff4637a3.jpg\/v1\/fill\/w_499,h_332,al_c,q_80,usm_0.66_1.00_0.01,enc_auto\/7e23fc_6b0813a0cc7426b924d9c1d8ff4637a3.jpg","type":"","width":"","height":""}],"twitter_card":"summary_large_image","twitter_misc":{"Tiempo de lectura":"6 minutos"},"schema":{"@context":"https:\/\/schema.org","@graph":[{"@type":"WebPage","@id":"https:\/\/lugardemarmolejo.es\/","url":"https:\/\/lugardemarmolejo.es\/","name":"- El lugar de Marmolejo","isPartOf":{"@id":"https:\/\/lugardemarmolejo.es\/#website"},"primaryImageOfPage":{"@id":"https:\/\/lugardemarmolejo.es\/#primaryimage"},"image":{"@id":"https:\/\/lugardemarmolejo.es\/#primaryimage"},"thumbnailUrl":"https:\/\/static.wixstatic.com\/media\/7e23fc_6b0813a0cc7426b924d9c1d8ff4637a3.jpg\/v1\/fill\/w_499,h_332,al_c,q_80,usm_0.66_1.00_0.01,enc_auto\/7e23fc_6b0813a0cc7426b924d9c1d8ff4637a3.jpg","datePublished":"2023-06-20T13:25:51+00:00","dateModified":"2023-06-23T17:27:20+00:00","inLanguage":"es","potentialAction":[{"@type":"ReadAction","target":["https:\/\/lugardemarmolejo.es\/"]}]},{"@type":"ImageObject","inLanguage":"es","@id":"https:\/\/lugardemarmolejo.es\/#primaryimage","url":"https:\/\/static.wixstatic.com\/media\/7e23fc_6b0813a0cc7426b924d9c1d8ff4637a3.jpg\/v1\/fill\/w_499,h_332,al_c,q_80,usm_0.66_1.00_0.01,enc_auto\/7e23fc_6b0813a0cc7426b924d9c1d8ff4637a3.jpg","contentUrl":"https:\/\/static.wixstatic.com\/media\/7e23fc_6b0813a0cc7426b924d9c1d8ff4637a3.jpg\/v1\/fill\/w_499,h_332,al_c,q_80,usm_0.66_1.00_0.01,enc_auto\/7e23fc_6b0813a0cc7426b924d9c1d8ff4637a3.jpg"},{"@type":"WebSite","@id":"https:\/\/lugardemarmolejo.es\/#website","url":"https:\/\/lugardemarmolejo.es\/","name":"El lugar de Marmolejo","description":"","potentialAction":[{"@type":"SearchAction","target":{"@type":"EntryPoint","urlTemplate":"https:\/\/lugardemarmolejo.es\/?s={search_term_string}"},"query-input":{"@type":"PropertyValueSpecification","valueRequired":true,"valueName":"search_term_string"}}],"inLanguage":"es"}]}},"_links":{"self":[{"href":"https:\/\/lugardemarmolejo.es\/index.php?rest_route=\/wp\/v2\/pages\/7","targetHints":{"allow":["GET"]}}],"collection":[{"href":"https:\/\/lugardemarmolejo.es\/index.php?rest_route=\/wp\/v2\/pages"}],"about":[{"href":"https:\/\/lugardemarmolejo.es\/index.php?rest_route=\/wp\/v2\/types\/page"}],"author":[{"embeddable":true,"href":"https:\/\/lugardemarmolejo.es\/index.php?rest_route=\/wp\/v2\/users\/1"}],"replies":[{"embeddable":true,"href":"https:\/\/lugardemarmolejo.es\/index.php?rest_route=%2Fwp%2Fv2%2Fcomments&post=7"}],"version-history":[{"count":10,"href":"https:\/\/lugardemarmolejo.es\/index.php?rest_route=\/wp\/v2\/pages\/7\/revisions"}],"predecessor-version":[{"id":88,"href":"https:\/\/lugardemarmolejo.es\/index.php?rest_route=\/wp\/v2\/pages\/7\/revisions\/88"}],"wp:attachment":[{"href":"https:\/\/lugardemarmolejo.es\/index.php?rest_route=%2Fwp%2Fv2%2Fmedia&parent=7"}],"curies":[{"name":"wp","href":"https:\/\/api.w.org\/{rel}","templated":true}]}}