{"id":677,"date":"2024-05-26T17:23:03","date_gmt":"2024-05-26T17:23:03","guid":{"rendered":"https:\/\/lugardemarmolejo.es\/?page_id=677"},"modified":"2024-05-26T17:24:06","modified_gmt":"2024-05-26T17:24:06","slug":"estudio-descriptivo-de-la-situacion-actual-de-las-vvpp-en-el-parque-natural-sierra-de-andujar","status":"publish","type":"page","link":"https:\/\/lugardemarmolejo.es\/?page_id=677","title":{"rendered":"Estudio descriptivo de la situaci\u00f3n actual de las VVPP en el Parque Natural Sierra de And\u00fajar"},"content":{"rendered":"\n<h1 class=\"wp-block-heading\"><\/h1>\n\n\n\n<h4 class=\"wp-block-heading\"><br>-Juan Alberto Ca\u00f1uelo Gonz\u00e1lez-<\/h4>\n\n\n\n<p><em><strong>En recuerdo de tod@s l@s ganader@s que desde tiempo inmemorial han transitado por este rinc\u00f3n de Sierra Morena.<\/strong><\/em><\/p>\n\n\n<div class=\"wp-block-image\">\n<figure class=\"aligncenter\"><img decoding=\"async\" src=\"https:\/\/static.wixstatic.com\/media\/7e23fc_bde6cf80dc3f4a8ba71248fbd6aaa9ce~mv2.jpg\/v1\/fill\/w_475,h_360,al_c,q_80,usm_0.66_1.00_0.01,enc_auto\/Captura_JPG.jpg\" alt=\"Captura.JPG\"\/><\/figure>\n<\/div>\n\n\n<p>\u200b<a href=\"https:\/\/12df5252-61a7-824f-d8db-11ba08551345.filesusr.com\/ugd\/7e23fc_8eed6331fa904860addd1f4e7216b3ec.pdf\" target=\"_blank\" rel=\"noreferrer noopener\"><\/a><\/p>\n\n\n\n<p><a href=\"https:\/\/12df5252-61a7-824f-d8db-11ba08551345.filesusr.com\/ugd\/7e23fc_8eed6331fa904860addd1f4e7216b3ec.pdf\" target=\"_blank\" rel=\"noreferrer noopener\"><\/a><\/p>\n\n\n\n<div data-wp-interactive=\"core\/file\" class=\"wp-block-file\"><object data-wp-bind--hidden=\"!state.hasPdfPreview\" hidden class=\"wp-block-file__embed\" data=\"https:\/\/lugardemarmolejo.es\/wp-content\/uploads\/2024\/05\/EstudioPNSAndujar.pdf\" type=\"application\/pdf\" style=\"width:100%;height:600px\" aria-label=\"Incrustado de EstudioPNSAndujar.\"><\/object><a id=\"wp-block-file--media-a72a1835-c915-4f0c-b63f-cc2df8a24776\" href=\"https:\/\/lugardemarmolejo.es\/wp-content\/uploads\/2024\/05\/EstudioPNSAndujar.pdf\">EstudioPNSAndujar<\/a><a href=\"https:\/\/lugardemarmolejo.es\/wp-content\/uploads\/2024\/05\/EstudioPNSAndujar.pdf\" class=\"wp-block-file__button wp-element-button\" download aria-describedby=\"wp-block-file--media-a72a1835-c915-4f0c-b63f-cc2df8a24776\">Descarga<\/a><\/div>\n","protected":false},"excerpt":{"rendered":"<p>-Juan Alberto Ca\u00f1uelo Gonz\u00e1lez- En recuerdo de tod@s l@s ganader@s que desde tiempo inmemorial han transitado por este rinc\u00f3n de Sierra Morena. \u200b<\/p>\n","protected":false},"author":1,"featured_media":0,"parent":0,"menu_order":0,"comment_status":"closed","ping_status":"closed","template":"","meta":{"footnotes":""},"class_list":["post-677","page","type-page","status-publish","hentry"],"yoast_head":"<!-- This site is optimized with the Yoast SEO plugin v25.2 - https:\/\/yoast.com\/wordpress\/plugins\/seo\/ -->\n<title>Estudio descriptivo de la situaci\u00f3n actual de las VVPP en el Parque Natural Sierra de And\u00fajar - El lugar de Marmolejo<\/title>\n<meta name=\"robots\" content=\"index, follow, max-snippet:-1, max-image-preview:large, max-video-preview:-1\" \/>\n<link rel=\"canonical\" href=\"https:\/\/lugardemarmolejo.es\/?page_id=677\" \/>\n<meta property=\"og:locale\" content=\"es_ES\" \/>\n<meta property=\"og:type\" content=\"article\" \/>\n<meta property=\"og:title\" content=\"Estudio descriptivo de la situaci\u00f3n actual de las VVPP en el Parque Natural Sierra de And\u00fajar - El lugar de Marmolejo\" \/>\n<meta property=\"og:description\" content=\"-Juan Alberto Ca\u00f1uelo Gonz\u00e1lez- En recuerdo de tod@s l@s ganader@s que desde tiempo inmemorial han transitado por este rinc\u00f3n de Sierra Morena. \u200b\" \/>\n<meta property=\"og:url\" content=\"https:\/\/lugardemarmolejo.es\/?page_id=677\" \/>\n<meta property=\"og:site_name\" content=\"El lugar de Marmolejo\" \/>\n<meta property=\"article:modified_time\" content=\"2024-05-26T17:24:06+00:00\" \/>\n<meta property=\"og:image\" content=\"https:\/\/static.wixstatic.com\/media\/7e23fc_bde6cf80dc3f4a8ba71248fbd6aaa9ce~mv2.jpg\/v1\/fill\/w_475,h_360,al_c,q_80,usm_0.66_1.00_0.01,enc_auto\/Captura_JPG.jpg\" \/>\n<meta name=\"twitter:card\" content=\"summary_large_image\" \/>\n<meta name=\"twitter:label1\" content=\"Tiempo de lectura\" \/>\n\t<meta name=\"twitter:data1\" content=\"1 minuto\" \/>\n<script type=\"application\/ld+json\" class=\"yoast-schema-graph\">{\"@context\":\"https:\/\/schema.org\",\"@graph\":[{\"@type\":\"WebPage\",\"@id\":\"https:\/\/lugardemarmolejo.es\/?page_id=677\",\"url\":\"https:\/\/lugardemarmolejo.es\/?page_id=677\",\"name\":\"Estudio descriptivo de la situaci\u00f3n actual de las VVPP en el Parque Natural Sierra de And\u00fajar - El lugar de Marmolejo\",\"isPartOf\":{\"@id\":\"https:\/\/lugardemarmolejo.es\/#website\"},\"primaryImageOfPage\":{\"@id\":\"https:\/\/lugardemarmolejo.es\/?page_id=677#primaryimage\"},\"image\":{\"@id\":\"https:\/\/lugardemarmolejo.es\/?page_id=677#primaryimage\"},\"thumbnailUrl\":\"https:\/\/static.wixstatic.com\/media\/7e23fc_bde6cf80dc3f4a8ba71248fbd6aaa9ce~mv2.jpg\/v1\/fill\/w_475,h_360,al_c,q_80,usm_0.66_1.00_0.01,enc_auto\/Captura_JPG.jpg\",\"datePublished\":\"2024-05-26T17:23:03+00:00\",\"dateModified\":\"2024-05-26T17:24:06+00:00\",\"breadcrumb\":{\"@id\":\"https:\/\/lugardemarmolejo.es\/?page_id=677#breadcrumb\"},\"inLanguage\":\"es\",\"potentialAction\":[{\"@type\":\"ReadAction\",\"target\":[\"https:\/\/lugardemarmolejo.es\/?page_id=677\"]}]},{\"@type\":\"ImageObject\",\"inLanguage\":\"es\",\"@id\":\"https:\/\/lugardemarmolejo.es\/?page_id=677#primaryimage\",\"url\":\"https:\/\/static.wixstatic.com\/media\/7e23fc_bde6cf80dc3f4a8ba71248fbd6aaa9ce~mv2.jpg\/v1\/fill\/w_475,h_360,al_c,q_80,usm_0.66_1.00_0.01,enc_auto\/Captura_JPG.jpg\",\"contentUrl\":\"https:\/\/static.wixstatic.com\/media\/7e23fc_bde6cf80dc3f4a8ba71248fbd6aaa9ce~mv2.jpg\/v1\/fill\/w_475,h_360,al_c,q_80,usm_0.66_1.00_0.01,enc_auto\/Captura_JPG.jpg\"},{\"@type\":\"BreadcrumbList\",\"@id\":\"https:\/\/lugardemarmolejo.es\/?page_id=677#breadcrumb\",\"itemListElement\":[{\"@type\":\"ListItem\",\"position\":1,\"name\":\"Portada\",\"item\":\"https:\/\/lugardemarmolejo.es\/\"},{\"@type\":\"ListItem\",\"position\":2,\"name\":\"Estudio descriptivo de la situaci\u00f3n actual de las VVPP en el Parque Natural Sierra de And\u00fajar\"}]},{\"@type\":\"WebSite\",\"@id\":\"https:\/\/lugardemarmolejo.es\/#website\",\"url\":\"https:\/\/lugardemarmolejo.es\/\",\"name\":\"El lugar de Marmolejo\",\"description\":\"\",\"potentialAction\":[{\"@type\":\"SearchAction\",\"target\":{\"@type\":\"EntryPoint\",\"urlTemplate\":\"https:\/\/lugardemarmolejo.es\/?s={search_term_string}\"},\"query-input\":{\"@type\":\"PropertyValueSpecification\",\"valueRequired\":true,\"valueName\":\"search_term_string\"}}],\"inLanguage\":\"es\"}]}<\/script>\n<!-- \/ Yoast SEO plugin. -->","yoast_head_json":{"title":"Estudio descriptivo de la situaci\u00f3n actual de las VVPP en el Parque Natural Sierra de And\u00fajar - El lugar de Marmolejo","robots":{"index":"index","follow":"follow","max-snippet":"max-snippet:-1","max-image-preview":"max-image-preview:large","max-video-preview":"max-video-preview:-1"},"canonical":"https:\/\/lugardemarmolejo.es\/?page_id=677","og_locale":"es_ES","og_type":"article","og_title":"Estudio descriptivo de la situaci\u00f3n actual de las VVPP en el Parque Natural Sierra de And\u00fajar - El lugar de Marmolejo","og_description":"-Juan Alberto Ca\u00f1uelo Gonz\u00e1lez- En recuerdo de tod@s l@s ganader@s que desde tiempo inmemorial han transitado por este rinc\u00f3n de Sierra Morena. \u200b","og_url":"https:\/\/lugardemarmolejo.es\/?page_id=677","og_site_name":"El lugar de Marmolejo","article_modified_time":"2024-05-26T17:24:06+00:00","og_image":[{"url":"https:\/\/static.wixstatic.com\/media\/7e23fc_bde6cf80dc3f4a8ba71248fbd6aaa9ce~mv2.jpg\/v1\/fill\/w_475,h_360,al_c,q_80,usm_0.66_1.00_0.01,enc_auto\/Captura_JPG.jpg","type":"","width":"","height":""}],"twitter_card":"summary_large_image","twitter_misc":{"Tiempo de lectura":"1 minuto"},"schema":{"@context":"https:\/\/schema.org","@graph":[{"@type":"WebPage","@id":"https:\/\/lugardemarmolejo.es\/?page_id=677","url":"https:\/\/lugardemarmolejo.es\/?page_id=677","name":"Estudio descriptivo de la situaci\u00f3n actual de las VVPP en el Parque Natural Sierra de And\u00fajar - El lugar de Marmolejo","isPartOf":{"@id":"https:\/\/lugardemarmolejo.es\/#website"},"primaryImageOfPage":{"@id":"https:\/\/lugardemarmolejo.es\/?page_id=677#primaryimage"},"image":{"@id":"https:\/\/lugardemarmolejo.es\/?page_id=677#primaryimage"},"thumbnailUrl":"https:\/\/static.wixstatic.com\/media\/7e23fc_bde6cf80dc3f4a8ba71248fbd6aaa9ce~mv2.jpg\/v1\/fill\/w_475,h_360,al_c,q_80,usm_0.66_1.00_0.01,enc_auto\/Captura_JPG.jpg","datePublished":"2024-05-26T17:23:03+00:00","dateModified":"2024-05-26T17:24:06+00:00","breadcrumb":{"@id":"https:\/\/lugardemarmolejo.es\/?page_id=677#breadcrumb"},"inLanguage":"es","potentialAction":[{"@type":"ReadAction","target":["https:\/\/lugardemarmolejo.es\/?page_id=677"]}]},{"@type":"ImageObject","inLanguage":"es","@id":"https:\/\/lugardemarmolejo.es\/?page_id=677#primaryimage","url":"https:\/\/static.wixstatic.com\/media\/7e23fc_bde6cf80dc3f4a8ba71248fbd6aaa9ce~mv2.jpg\/v1\/fill\/w_475,h_360,al_c,q_80,usm_0.66_1.00_0.01,enc_auto\/Captura_JPG.jpg","contentUrl":"https:\/\/static.wixstatic.com\/media\/7e23fc_bde6cf80dc3f4a8ba71248fbd6aaa9ce~mv2.jpg\/v1\/fill\/w_475,h_360,al_c,q_80,usm_0.66_1.00_0.01,enc_auto\/Captura_JPG.jpg"},{"@type":"BreadcrumbList","@id":"https:\/\/lugardemarmolejo.es\/?page_id=677#breadcrumb","itemListElement":[{"@type":"ListItem","position":1,"name":"Portada","item":"https:\/\/lugardemarmolejo.es\/"},{"@type":"ListItem","position":2,"name":"Estudio descriptivo de la situaci\u00f3n actual de las VVPP en el Parque Natural Sierra de And\u00fajar"}]},{"@type":"WebSite","@id":"https:\/\/lugardemarmolejo.es\/#website","url":"https:\/\/lugardemarmolejo.es\/","name":"El lugar de Marmolejo","description":"","potentialAction":[{"@type":"SearchAction","target":{"@type":"EntryPoint","urlTemplate":"https:\/\/lugardemarmolejo.es\/?s={search_term_string}"},"query-input":{"@type":"PropertyValueSpecification","valueRequired":true,"valueName":"search_term_string"}}],"inLanguage":"es"}]}},"_links":{"self":[{"href":"https:\/\/lugardemarmolejo.es\/index.php?rest_route=\/wp\/v2\/pages\/677","targetHints":{"allow":["GET"]}}],"collection":[{"href":"https:\/\/lugardemarmolejo.es\/index.php?rest_route=\/wp\/v2\/pages"}],"about":[{"href":"https:\/\/lugardemarmolejo.es\/index.php?rest_route=\/wp\/v2\/types\/page"}],"author":[{"embeddable":true,"href":"https:\/\/lugardemarmolejo.es\/index.php?rest_route=\/wp\/v2\/users\/1"}],"replies":[{"embeddable":true,"href":"https:\/\/lugardemarmolejo.es\/index.php?rest_route=%2Fwp%2Fv2%2Fcomments&post=677"}],"version-history":[{"count":2,"href":"https:\/\/lugardemarmolejo.es\/index.php?rest_route=\/wp\/v2\/pages\/677\/revisions"}],"predecessor-version":[{"id":682,"href":"https:\/\/lugardemarmolejo.es\/index.php?rest_route=\/wp\/v2\/pages\/677\/revisions\/682"}],"wp:attachment":[{"href":"https:\/\/lugardemarmolejo.es\/index.php?rest_route=%2Fwp%2Fv2%2Fmedia&parent=677"}],"curies":[{"name":"wp","href":"https:\/\/api.w.org\/{rel}","templated":true}]}}

Estudio descriptivo de la situación actual de las VVPP en el Parque Natural Sierra de Andújar

<h1 class="wp-block-heading"></h1>



<h4 class="wp-block-heading"><br>-Juan Alberto Cañuelo González-</h4>



<p><em><strong>En recuerdo de tod@s l@s ganader@s que desde tiempo inmemorial han transitado por este rincón de Sierra Morena.</strong></em></p>


<div class="wp-block-image">
<figure class="aligncenter"><img decoding="async" src="https://static.wixstatic.com/media/7e23fc_bde6cf80dc3f4a8ba71248fbd6aaa9ce~mv2.jpg/v1/fill/w_475,h_360,al_c,q_80,usm_0.66_1.00_0.01,enc_auto/Captura_JPG.jpg" alt="Captura.JPG"/></figure>
</div>


<p>​<a href="https://12df5252-61a7-824f-d8db-11ba08551345.filesusr.com/ugd/7e23fc_8eed6331fa904860addd1f4e7216b3ec.pdf" target="_blank" rel="noreferrer noopener"></a></p>



<p><a href="https://12df5252-61a7-824f-d8db-11ba08551345.filesusr.com/ugd/7e23fc_8eed6331fa904860addd1f4e7216b3ec.pdf" target="_blank" rel="noreferrer noopener"></a></p>



<div data-wp-interactive="core/file" class="wp-block-file"><object data-wp-bind--hidden="!state.hasPdfPreview" hidden class="wp-block-file__embed" data="https://lugardemarmolejo.es/wp-content/uploads/2024/05/EstudioPNSAndujar.pdf" type="application/pdf" style="width:100%;height:600px" aria-label="Incrustado de EstudioPNSAndujar."></object><a id="wp-block-file--media-a72a1835-c915-4f0c-b63f-cc2df8a24776" href="https://lugardemarmolejo.es/wp-content/uploads/2024/05/EstudioPNSAndujar.pdf">EstudioPNSAndujar</a><a href="https://lugardemarmolejo.es/wp-content/uploads/2024/05/EstudioPNSAndujar.pdf" class="wp-block-file__button wp-element-button" download aria-describedby="wp-block-file--media-a72a1835-c915-4f0c-b63f-cc2df8a24776">Descarga</a></div>

<p>-Juan Alberto Cañuelo González- En recuerdo de tod@s l@s ganader@s que desde tiempo inmemorial han transitado por este rincón de Sierra Morena. ​</p>

<!-- This site is optimized with the Yoast SEO plugin v25.2 - https://yoast.com/wordpress/plugins/seo/ -->
<title>Estudio descriptivo de la situación actual de las VVPP en el Parque Natural Sierra de Andújar - El lugar de Marmolejo</title>
<meta name="robots" content="index, follow, max-snippet:-1, max-image-preview:large, max-video-preview:-1" />
<link rel="canonical" href="https://lugardemarmolejo.es/?page_id=677" />
<meta property="og:locale" content="es_ES" />
<meta property="og:type" content="article" />
<meta property="og:title" content="Estudio descriptivo de la situación actual de las VVPP en el Parque Natural Sierra de Andújar - El lugar de Marmolejo" />
<meta property="og:description" content="-Juan Alberto Cañuelo González- En recuerdo de tod@s l@s ganader@s que desde tiempo inmemorial han transitado por este rincón de Sierra Morena. ​" />
<meta property="og:url" content="https://lugardemarmolejo.es/?page_id=677" />
<meta property="og:site_name" content="El lugar de Marmolejo" />
<meta property="article:modified_time" content="2024-05-26T17:24:06+00:00" />
<meta property="og:image" content="https://static.wixstatic.com/media/7e23fc_bde6cf80dc3f4a8ba71248fbd6aaa9ce~mv2.jpg/v1/fill/w_475,h_360,al_c,q_80,usm_0.66_1.00_0.01,enc_auto/Captura_JPG.jpg" />
<meta name="twitter:card" content="summary_large_image" />
<meta name="twitter:label1" content="Tiempo de lectura" />
	<meta name="twitter:data1" content="1 minuto" />
<script type="application/ld+json" class="yoast-schema-graph">{"@context":"https://schema.org","@graph":[{"@type":"WebPage","@id":"https://lugardemarmolejo.es/?page_id=677","url":"https://lugardemarmolejo.es/?page_id=677","name":"Estudio descriptivo de la situación actual de las VVPP en el Parque Natural Sierra de Andújar - El lugar de Marmolejo","isPartOf":{"@id":"https://lugardemarmolejo.es/#website"},"primaryImageOfPage":{"@id":"https://lugardemarmolejo.es/?page_id=677#primaryimage"},"image":{"@id":"https://lugardemarmolejo.es/?page_id=677#primaryimage"},"thumbnailUrl":"https://static.wixstatic.com/media/7e23fc_bde6cf80dc3f4a8ba71248fbd6aaa9ce~mv2.jpg/v1/fill/w_475,h_360,al_c,q_80,usm_0.66_1.00_0.01,enc_auto/Captura_JPG.jpg","datePublished":"2024-05-26T17:23:03+00:00","dateModified":"2024-05-26T17:24:06+00:00","breadcrumb":{"@id":"https://lugardemarmolejo.es/?page_id=677#breadcrumb"},"inLanguage":"es","potentialAction":[{"@type":"ReadAction","target":["https://lugardemarmolejo.es/?page_id=677"]}]},{"@type":"ImageObject","inLanguage":"es","@id":"https://lugardemarmolejo.es/?page_id=677#primaryimage","url":"https://static.wixstatic.com/media/7e23fc_bde6cf80dc3f4a8ba71248fbd6aaa9ce~mv2.jpg/v1/fill/w_475,h_360,al_c,q_80,usm_0.66_1.00_0.01,enc_auto/Captura_JPG.jpg","contentUrl":"https://static.wixstatic.com/media/7e23fc_bde6cf80dc3f4a8ba71248fbd6aaa9ce~mv2.jpg/v1/fill/w_475,h_360,al_c,q_80,usm_0.66_1.00_0.01,enc_auto/Captura_JPG.jpg"},{"@type":"BreadcrumbList","@id":"https://lugardemarmolejo.es/?page_id=677#breadcrumb","itemListElement":[{"@type":"ListItem","position":1,"name":"Portada","item":"https://lugardemarmolejo.es/"},{"@type":"ListItem","position":2,"name":"Estudio descriptivo de la situación actual de las VVPP en el Parque Natural Sierra de Andújar"}]},{"@type":"WebSite","@id":"https://lugardemarmolejo.es/#website","url":"https://lugardemarmolejo.es/","name":"El lugar de Marmolejo","description":"","potentialAction":[{"@type":"SearchAction","target":{"@type":"EntryPoint","urlTemplate":"https://lugardemarmolejo.es/?s={search_term_string}"},"query-input":{"@type":"PropertyValueSpecification","valueRequired":true,"valueName":"search_term_string"}}],"inLanguage":"es"}]}</script>
<!-- / Yoast SEO plugin. -->

Estudio descriptivo de la situación actual de las VVPP en el Parque Natural Sierra de Andújar - El lugar de Marmolejo

-Juan Alberto Cañuelo González- En recuerdo de tod@s l@s ganader@s que desde tiempo inmemorial han transitado por este rincón de Sierra Morena. ​
