{"id":550,"date":"2024-01-25T06:31:21","date_gmt":"2024-01-25T06:31:21","guid":{"rendered":"https:\/\/lugardemarmolejo.es\/?page_id=550"},"modified":"2024-01-25T06:31:21","modified_gmt":"2024-01-25T06:31:21","slug":"el-mercado-de-abastos-de-marmolejo","status":"publish","type":"page","link":"https:\/\/lugardemarmolejo.es\/?page_id=550","title":{"rendered":"El Mercado de Abastos de Marmolejo"},"content":{"rendered":"\n<h1 class=\"wp-block-heading\"><\/h1>\n\n\n\n<h4 class=\"wp-block-heading\">-Manuel Perales Sol\u00eds-<\/h4>\n\n\n\n<h6 class=\"wp-block-heading\">\u200b La construcci\u00f3n del Mercado de abastos de San Jos\u00e9 hay que enmarcarla dentro de las medidas llevadas a cabo por los primeros gobiernos de Franco para reparar los da\u00f1os causados durante la Guerra Civil en diversas localidades de la provincia de Ja\u00e9n, ubicadas en el l\u00edmite fronterizo con las provincias de C\u00f3rdoba y Granada, y enormemente castigadas durante la contienda por los envites del ej\u00e9rcito del general Gonzalo Queipo de Llano, dada su posici\u00f3n de vanguardia en la zona leal al gobierno republicano. Estas tareas de reconstrucci\u00f3n llegaron tras las primeras peticiones de solicitud de adopci\u00f3n elevadas al caudillo \u00a0por los alcaldes de los pueblos que hab\u00edan sido especialmente da\u00f1ados por los bombardeos, tarea que, en el caso de Marmolejo, \u00a0corresponder\u00eda realizar a los alcaldes Manuel Agudo Perales \u00a0(1), hacia 1940, y a su sucesor en el cargo, Francisco Rivillas Pe\u00f1a (2).<\/h6>\n\n\n\n<p><br>\u00a0 Las peticiones de ayuda a la reconstrucci\u00f3n contemplaron la rehabilitaci\u00f3n de los grupos escolares; la Casa Cuartel de la Guardia Civil; la casa de tel\u00e9grafos; el cementerio de Santa Ana; \u00a0el descombrado y reparaci\u00f3n de calles afectadas por las bombas, y diversas obras de restauraci\u00f3n de la Iglesia de La Paz. Parad\u00f3jicamente, la mayor\u00eda de los da\u00f1os, \u00a0hab\u00edan sido causados como consecuencia de la artiller\u00eda y la aviaci\u00f3n del ej\u00e9rcito sublevado.\u00a0<\/p>\n\n\n\n<p>&nbsp; La respuesta por parte del gobierno de Franco lleg\u00f3 al Ayuntamiento en los primeros d\u00edas de julio de 1943, sin embargo la publicaci\u00f3n del decreto de adopci\u00f3n no llegar\u00eda hasta dos a\u00f1os m\u00e1s tarde. &nbsp;El decreto de 23 de septiembre de 1939 regulaba la futura \u201cadopci\u00f3n\u201d por parte del Jefe del Estado, &nbsp;de pueblos con grandes da\u00f1os de guerra. En \u00e9l se dec\u00eda que el Estado mediante sus t\u00e9cnicos pero con la intervenci\u00f3n de los Ayuntamientos, formar\u00eda el plan general de reconstrucci\u00f3n y, en su caso, de saneamiento, mejora interior, ensanche y extensi\u00f3n de las localidades afectadas. &nbsp;Respecto a la provincia de Ja\u00e9n, en sucesivos decretos se proceder\u00eda a la \u201cadopci\u00f3n\u201d, hacia 1939, por el Caudillo de distintas localidades de la campi\u00f1a oeste como Lopera, Higuera de Calatrava, y Santiago de Calatrava. Finalmente otro decreto de 5 de julio de 1945 se ocupar\u00eda de las localidades de Martos, Alcal\u00e1 la Real, Arjona, And\u00fajar, Porcuna, Valenzuela y Marmolejo.<\/p>\n\n\n<div class=\"wp-block-image\">\n<figure class=\"alignright is-resized\"><img decoding=\"async\" src=\"https:\/\/static.wixstatic.com\/media\/7e23fc_e3c1cc3200cb43f280ec4af0e85a9e05~mv2.jpg\/v1\/fill\/w_452,h_290,al_c,q_80,usm_0.66_1.00_0.01,enc_auto\/7e23fc_e3c1cc3200cb43f280ec4af0e85a9e05~mv2.jpg\" alt=\"\" style=\"width:405px;height:auto\"\/><figcaption class=\"wp-element-caption\"><strong>Mercado de Abastos, patio central.<\/strong><br><strong>Fuente: \u201cMarmolejo, im\u00e1genes de un siglo\u201d.<\/strong><\/figcaption><\/figure>\n<\/div>\n\n<div class=\"wp-block-image\">\n<figure class=\"alignleft is-resized\"><img decoding=\"async\" src=\"https:\/\/static.wixstatic.com\/media\/7e23fc_f3a0f6f7f1054e229ecefba19f01158e~mv2_d_1480_2057_s_2.jpg\/v1\/fill\/w_494,h_744,al_c,q_85,usm_0.66_1.00_0.01,enc_auto\/7e23fc_f3a0f6f7f1054e229ecefba19f01158e~mv2_d_1480_2057_s_2.jpg\" alt=\"\" style=\"width:408px;height:auto\"\/><figcaption class=\"wp-element-caption\"><strong>Edificio de la Antigua\u00a0Carnicer\u00eda con el<\/strong><br><strong>pozo de la Plaza y abrevadero.<\/strong><br><strong>Abajo momento en que es derribado el pozo de la Plaza tras la terminaci\u00f3n del nuevo edificio del Mercado de Abastos.<\/strong><br><strong>Fuente: Manuel Mu\u00f1oz L\u00f3pez.<\/strong><\/figcaption><\/figure>\n<\/div>\n\n\n<p><\/p>\n\n\n\n<p>\u00a0 El organismo creado por el r\u00e9gimen vencedor para la realizaci\u00f3n de esta vasta obra fue el Servicio Nacional de Regiones Devastadas y Reparaciones, que se encargar\u00eda de centralizar los trabajos de reconstrucci\u00f3n en toda Espa\u00f1a tras la terminaci\u00f3n de la Guerra Civil. A su cargo estuvo, entre 1943 y 1955, el ingeniero Jos\u00e9 Moreno Torres, persona vinculada a la comarca de And\u00fajar desde la construcci\u00f3n del embalse de La Lancha en el r\u00edo J\u00e1ndula \u00a0y la carretera de la Centenera durante el gobierno del general Primo de Rivera. En concreto las actuaciones realizadas en Marmolejo estuvieron coordinadas por la Oficina Comarcal en And\u00fajar de Regiones Devastadas, bajo la direcci\u00f3n del arquitecto Ram\u00f3n Pajares Pardo, autor de la mayor\u00eda de los proyectos, que se fueron concretando seg\u00fan el siguiente orden cronol\u00f3gico:<\/p>\n\n\n\n<p>-En 1944 se lleva a cabo la restauraci\u00f3n de los Grupos Escolares del Paseo de la Libertad (en esos a\u00f1os paseo del General\u00edsimo).<\/p>\n\n\n\n<p>-Entre 1944 a 1950, &nbsp;se planifica y dirige la construcci\u00f3n de 51 viviendas de renta reducida para jornaleros y 16 m\u00e1s para venta libre, en la barriada de nueva construcci\u00f3n por Regiones Devastadas.<\/p>\n\n\n\n<p>-En 1946 ejecuta el Mercado de Abastos, con un proyecto similar al de otros mercados de la comarca como Arjona y Porcuna.<\/p>\n\n\n\n<p>-Restauraci\u00f3n del Cementerio de Santa Ana en 1949.<\/p>\n\n\n\n<p>-Biblioteca Municipal en 1952 construida en el solar de la antigua Carnicer\u00eda.<\/p>\n\n\n\n<p>-Construcci\u00f3n del cuartel de la Guardia Civil en 1953.<\/p>\n\n\n\n<p>\u200b<\/p>\n\n\n\n<p>&nbsp; Antes &nbsp;del actual mercado de abastos exist\u00eda en ese solar una huerta con casa, propiedad de Pedro Perales Dom\u00ednguez \u201cPeriquito Semana\u201d, &nbsp;que junto a la antigua Carnicer\u00eda formaban una peque\u00f1a plazoleta presidida en el centro por el famoso pozo de La Plaza cuyo brocal fue destruido una vez se finalizaron las obras del nuevo Mercado de Abastos. En frente de esta plazoleta y en el edificio que &nbsp;hoy ocupa la Caja Rural, exist\u00eda una vieja posada haciendo esquina a la calle Granados (Orti y Lara). Hasta entonces, ell antiguo mercado de abastos, &nbsp;se hac\u00eda a cielo abierto y, aunque tuvo diversas ubicaciones en el tiempo, la m\u00e1s habitual durante los a\u00f1os previos a la Guerra \u00c7ivil fue la plaza del Amparo. A primeros de siglo XX hay referencias de un peque\u00f1o mercado bajo cubierto en un edificio frente a la iglesia de la Paz.&nbsp;<\/p>\n\n\n\n<p>&nbsp; En el exterior del nuevo Mercado de San Jos\u00e9, hacia la calle de la Fonda, y en el solar que ocupaba la antigua Carnicer\u00eda y la casa de la huerta, se edificaron peque\u00f1os locales comerciales para alquiler por parte del Ayuntamiento. &nbsp;Recuerdo que &nbsp;seg\u00fan se entraba por la puerta principal, se distribu\u00edan a la derecha, o flanco norte, los puestos dedicados a la carne y charcuter\u00eda en general; hacia el flanco sur y oeste se situaban los peculiares puestos para &nbsp;la venta de verduras y hortalizas y finalmente en el este, es decir, entrando hacia la izquierda, los puestos de venta del pescado.&nbsp;<br>&nbsp; Hacia la d\u00e9cada de los 50 y 60 este edificio a\u00fan estaba desconectado por sus fachadas sur y oeste de las edificaciones del barrio de Regiones. Contaba con dos puertas m\u00e1s, a parte de la principal; una daba salida hacia un descampado (usado muchas veces como estercolero) existente tras las tapias traseras de la calle P\u00e9rgolas y la otra conectaba &nbsp;con la calle Teudiselo Mart\u00ednez (3), donde igualmente &nbsp;s\u00f3lo exist\u00edan algunas casas en la acera de la derecha y la concurrida tienda de Antonio Lozano\u201cTito\u201d.&nbsp;<\/p>\n\n\n<div class=\"wp-block-image\">\n<figure class=\"alignleft is-resized\"><img decoding=\"async\" src=\"https:\/\/static.wixstatic.com\/media\/7e23fc_d6e702c0ede54466bb14f02cc228d987~mv2.jpg\/v1\/fill\/w_477,h_633,al_c,q_80,usm_0.66_1.00_0.01,enc_auto\/7e23fc_d6e702c0ede54466bb14f02cc228d987~mv2.jpg\" alt=\"\" style=\"width:360px;height:auto\"\/><figcaption class=\"wp-element-caption\"><strong>A la inauguraci\u00f3n \u00a0de la barriada de Regiones acudi\u00f3 el Director General de Regiones Devastadas, el ingeniero Jos\u00e9 Moreno Torres (izquierda) con el alcalde Francisco Rivillas Pe\u00f1a (a su izquierda) y el gobernador civil de Ja\u00e9n (en el centro). La corporaci\u00f3n municipal le homenaje\u00f3 poni\u00e9ndole su nombre a la calle principal de la barriada. Fuente: Manuel Perales Sol\u00eds.<\/strong><\/figcaption><\/figure>\n<\/div>\n\n<div class=\"wp-block-image\">\n<figure class=\"alignleft is-resized\"><img decoding=\"async\" src=\"https:\/\/static.wixstatic.com\/media\/7e23fc_bced0ed8b4b54eaa95fd097b8b6134ce~mv2.jpg\/v1\/fill\/w_250,h_321,al_c,q_80,usm_0.66_1.00_0.01,enc_auto\/7e23fc_bced0ed8b4b54eaa95fd097b8b6134ce~mv2.jpg\" alt=\"\" style=\"width:255px;height:auto\"\/><figcaption class=\"wp-element-caption\"><strong>Francisco Rivillas Pe\u00f1a, alcalde de Marmolejo durante los a\u00f1os de construcci\u00f3n del Mercado de Abastos y de la barriada de Regiones. Fuente: Asociaci\u00f3n Cultural Fuente Agria.<\/strong><\/figcaption><\/figure>\n<\/div>\n\n<div class=\"wp-block-image\">\n<figure class=\"alignleft is-resized\"><img decoding=\"async\" src=\"https:\/\/static.wixstatic.com\/media\/7e23fc_31981bf7ace34a5dba1da56322bf77c3~mv2.jpg\/v1\/fill\/w_180,h_321,al_c,lg_1,q_80,enc_auto\/7e23fc_31981bf7ace34a5dba1da56322bf77c3~mv2.jpg\" alt=\"\" style=\"width:183px;height:auto\"\/><figcaption class=\"wp-element-caption\"><strong>El alcalde Manuel Agudo Perales, en cuyo mandato se formul\u00f3 solicitud de adopci\u00f3n de Marmolejo por el general Franco. Fuente: Asociaci\u00f3n Cultural Fuente Agria.<\/strong><\/figcaption><\/figure>\n<\/div>\n\n\n<p><\/p>\n\n\n\n<p><\/p>\n\n\n\n<p><\/p>\n\n\n\n<p><\/p>\n\n\n\n<p><\/p>\n\n\n\n<p>Durante las d\u00e9cada de los 50 y 60 del pasado siglo, el mercado habitualmente estuvo muy concurrido, sobre todo los d\u00edas \u00a0que \u201cLos Dieguitos\u201d mataban en el viejo Matadero Municipal o hab\u00eda pescado fresco tra\u00eddo por los hermanos Godoy, conocidos como \u201cLos Cayetanos\u201d. \u00a0Por su parte las mujeres de los hortelanos se ocupaban en la venta de sus g\u00e9neros desde por la ma\u00f1ana bien temprano. En ese sentido el Mercado de San Jos\u00e9 siempre estuvo bien surtido de la mejor hortaliza marmoleje\u00f1a. Por otro lado recuerdo la costumbre de las mujeres de acudir al mercado, antes incluso de la salida del sol, para comprar el g\u00e9nero, ya que hab\u00eda que preparar por aquellos a\u00f1os las talegas a los hombres que marchaban al campo a trabajar en jornadas de sol a sol.<\/p>\n\n\n\n<p>\u00a0 La \u00faltima reforma realizada en 2009, lo adapt\u00f3 a las exigencias de los nuevos tiempos, pero perdi\u00f3 elementos tan singulares \u00a0como su luz interior, su patio aclaustrado y su fuente central.<\/p>\n\n\n<div class=\"wp-block-image\">\n<figure class=\"alignleft is-resized\"><img decoding=\"async\" src=\"https:\/\/static.wixstatic.com\/media\/7e23fc_19b9efba39d74b0e81ea31c2571d5557~mv2.jpg\/v1\/fill\/w_401,h_301,al_c,q_80,enc_auto\/7e23fc_19b9efba39d74b0e81ea31c2571d5557~mv2.jpg\" alt=\"\" style=\"width:368px;height:auto\"\/><figcaption class=\"wp-element-caption\"><strong>Teudiselo Mart\u00ednez Jim\u00e9nez rodeado de sus alumnos en la escuela del Ave Mar\u00eda en 1921. Fuente: Archivo \u00a0Manuel Perales.<\/strong><\/figcaption><\/figure>\n<\/div>\n\n\n<p><strong>Notas:<\/strong><\/p>\n\n\n\n<p>(1) De profesi\u00f3n perito mercantil, ejerci\u00f3 de alcalde desde agosto de 1940 hasta octubre del mismo a\u00f1o en que era nombrado alcalde su segundo de abordo Francisco Rivillas Pe\u00f1a. Tras la dimisi\u00f3n de \u00e9ste hacia final de los sesenta, \u00a0Manuel Agudo volvi\u00f3 a la alcald\u00eda durante los primeros a\u00f1os de la d\u00e9cada de los setenta.<\/p>\n\n\n\n<p>(2) De profesi\u00f3n veterinario, a pesar de que diversos testimonios confirman su militancia &nbsp;en las Juventudes Socialistas durante la 2\u00aa Rep\u00fablica, Francisco Rivillas Pe\u00f1a evolucion\u00f3 posteriormente hacia posiciones m\u00e1s conservadoras asumiendo los principios ideol\u00f3gicos de la Falange y colaborando abiertamente con la dictadura impuesta por el general Franco. El 4 de marzo de 1958 fue designado por el ministro de la Gobernaci\u00f3n, para desempe\u00f1ar el cargo de Presidente de la Diputaci\u00f3n de Ja\u00e9n, cargo en el que ces\u00f3 en febrero de 1964.Tras mas de treinta a\u00f1os de &nbsp;alcalde &nbsp;dimiti\u00f3 a final de la d\u00e9cada de los sesenta, volviendo durante el final de su vida laboral a su profesi\u00f3n de veterinario. Una vez jubilado march\u00f3 a Madrid con su familia, donde falleci\u00f3 en agosto de 1994.<\/p>\n\n\n\n<p>(3) Teudiselo Mart\u00ednez Jim\u00e9nez hab\u00eda nacido en 1898, llegando a Marmolejo hacia 1921 para ocupar plaza de oficial mayor de secretar\u00eda en propiedad en el Ayuntamiento de Marmolejo. Fue secretario accidental en septiembre de 1931. En enero de 1934 se le nombraba interventor interino tras ser cesado por la corporaci\u00f3n de centro-derecha, el joven &nbsp;abogado socialista Andr\u00e9s Rodr\u00edguez Pe\u00f1a, hijo del primer alcalde socialista Andr\u00e9s Rodr\u00edguez \u201cel del Ventorrillo\u201d. Ejerci\u00f3 de secretario accidental durante las ausencias del secretario titular, Francisco de Urqu\u00eda. Tras el traslado obligatorio de Urqu\u00eda en diciembre de 1934 ocup\u00f3 la secretar\u00eda interina hasta &nbsp;abril de 1935 en que tomaba posesi\u00f3n el nuevo secretario Juan Evaristo Pic\u00f3 y Soria. Seg\u00fan una declaraci\u00f3n jurada del propio Teudiselo &nbsp;para el expediente de depuraci\u00f3n como funcionario municipal se dice que era \u00abNatural de Beas de Segura, de 41 a\u00f1os de edad, c\/ Matias Vidal 20. Oficial mayor y secretario accidental del Ayuntamiento. Entr\u00f3 en el Ayuntamiento el 21 de enero de 1924&#8230;Estuvo afiliado al Partido Uni\u00f3n Republicana, solamente desde el 1 de enero de 1938 y como simple afiliado\u201d.(Escrito dirigido a la Auditoria de Guerra del Ej\u00e9rcito del Sur &nbsp;el 22 de junio de 1939). Finalmente no fue depurado y se le confirm\u00f3 en su puesto de oficial mayor. Teudiselo Mart\u00ednez \u201cDon Teudiselo\u201d, como popularmente se le conoc\u00eda, imparti\u00f3 tambi\u00e9n clases particulares en las \u201cEscuelas del Ave Mar\u00eda\u201d, en sus primeros a\u00f1os de estancia en Marmolejo. Esta instituci\u00f3n &nbsp;docente de inspiraci\u00f3n cat\u00f3lica, con pr\u00e1cticas docentes renovadoras para la \u00e9poca, fu\u00e9 fundada en Granada hacia 1889, por el sacerdote Andr\u00e9s Manj\u00f3n.<\/p>\n\n\n\n<p><strong>Bibliograf\u00eda:<\/strong><\/p>\n\n\n\n<p>-\u201dMarmolejo: im\u00e1genes de un siglo\u201d. Edita Asociaci\u00f3n Cultural Fuente Agria.<\/p>\n\n\n\n<p>-Presidentes de Diputaci\u00f3n nombrados por designaci\u00f3n. Archivo Diputaci\u00f3n de Ja\u00e9n.<\/p>\n\n\n\n<p>-Roll Grande, Manuel: \u201cEl fondo de la Oficina Comarcal de And\u00fajar y Ja\u00e9n de la Direcci\u00f3n General de Regiones Devastadas en el Archivo Hist\u00f3rico Provincial. Revista Andaluza de Archivos.<\/p>\n\n\n\n<p>-Mu\u00f1oz L\u00f3pez, Manuel: \u201cHistoria y costumbres de Marmolejo\u201d. A\u00f1o 1993.<\/p>\n\n\n\n<p><\/p>\n","protected":false},"excerpt":{"rendered":"<p>-Manuel Perales Sol\u00eds- \u200b La construcci\u00f3n del Mercado de abastos de San Jos\u00e9 hay que enmarcarla dentro de las medidas llevadas a cabo por los primeros gobiernos de Franco para reparar los da\u00f1os causados durante la Guerra Civil en diversas localidades de la provincia de Ja\u00e9n, ubicadas en el l\u00edmite fronterizo con las provincias de [&hellip;]<\/p>\n","protected":false},"author":1,"featured_media":0,"parent":0,"menu_order":0,"comment_status":"closed","ping_status":"closed","template":"","meta":{"footnotes":""},"class_list":["post-550","page","type-page","status-publish","hentry"],"yoast_head":"<!-- This site is optimized with the Yoast SEO plugin v25.2 - https:\/\/yoast.com\/wordpress\/plugins\/seo\/ -->\n<title>El Mercado de Abastos de Marmolejo - El lugar de Marmolejo<\/title>\n<meta name=\"robots\" content=\"index, follow, max-snippet:-1, max-image-preview:large, max-video-preview:-1\" \/>\n<link rel=\"canonical\" href=\"https:\/\/lugardemarmolejo.es\/?page_id=550\" \/>\n<meta property=\"og:locale\" content=\"es_ES\" \/>\n<meta property=\"og:type\" content=\"article\" \/>\n<meta property=\"og:title\" content=\"El Mercado de Abastos de Marmolejo - El lugar de Marmolejo\" \/>\n<meta property=\"og:description\" content=\"-Manuel Perales Sol\u00eds- \u200b La construcci\u00f3n del Mercado de abastos de San Jos\u00e9 hay que enmarcarla dentro de las medidas llevadas a cabo por los primeros gobiernos de Franco para reparar los da\u00f1os causados durante la Guerra Civil en diversas localidades de la provincia de Ja\u00e9n, ubicadas en el l\u00edmite fronterizo con las provincias de [&hellip;]\" \/>\n<meta property=\"og:url\" content=\"https:\/\/lugardemarmolejo.es\/?page_id=550\" \/>\n<meta property=\"og:site_name\" content=\"El lugar de Marmolejo\" \/>\n<meta property=\"og:image\" content=\"https:\/\/static.wixstatic.com\/media\/7e23fc_e3c1cc3200cb43f280ec4af0e85a9e05~mv2.jpg\/v1\/fill\/w_452,h_290,al_c,q_80,usm_0.66_1.00_0.01,enc_auto\/7e23fc_e3c1cc3200cb43f280ec4af0e85a9e05~mv2.jpg\" \/>\n<meta name=\"twitter:card\" content=\"summary_large_image\" \/>\n<meta name=\"twitter:label1\" content=\"Tiempo de lectura\" \/>\n\t<meta name=\"twitter:data1\" content=\"10 minutos\" \/>\n<script type=\"application\/ld+json\" class=\"yoast-schema-graph\">{\"@context\":\"https:\/\/schema.org\",\"@graph\":[{\"@type\":\"WebPage\",\"@id\":\"https:\/\/lugardemarmolejo.es\/?page_id=550\",\"url\":\"https:\/\/lugardemarmolejo.es\/?page_id=550\",\"name\":\"El Mercado de Abastos de Marmolejo - El lugar de Marmolejo\",\"isPartOf\":{\"@id\":\"https:\/\/lugardemarmolejo.es\/#website\"},\"primaryImageOfPage\":{\"@id\":\"https:\/\/lugardemarmolejo.es\/?page_id=550#primaryimage\"},\"image\":{\"@id\":\"https:\/\/lugardemarmolejo.es\/?page_id=550#primaryimage\"},\"thumbnailUrl\":\"https:\/\/static.wixstatic.com\/media\/7e23fc_e3c1cc3200cb43f280ec4af0e85a9e05~mv2.jpg\/v1\/fill\/w_452,h_290,al_c,q_80,usm_0.66_1.00_0.01,enc_auto\/7e23fc_e3c1cc3200cb43f280ec4af0e85a9e05~mv2.jpg\",\"datePublished\":\"2024-01-25T06:31:21+00:00\",\"breadcrumb\":{\"@id\":\"https:\/\/lugardemarmolejo.es\/?page_id=550#breadcrumb\"},\"inLanguage\":\"es\",\"potentialAction\":[{\"@type\":\"ReadAction\",\"target\":[\"https:\/\/lugardemarmolejo.es\/?page_id=550\"]}]},{\"@type\":\"ImageObject\",\"inLanguage\":\"es\",\"@id\":\"https:\/\/lugardemarmolejo.es\/?page_id=550#primaryimage\",\"url\":\"https:\/\/static.wixstatic.com\/media\/7e23fc_e3c1cc3200cb43f280ec4af0e85a9e05~mv2.jpg\/v1\/fill\/w_452,h_290,al_c,q_80,usm_0.66_1.00_0.01,enc_auto\/7e23fc_e3c1cc3200cb43f280ec4af0e85a9e05~mv2.jpg\",\"contentUrl\":\"https:\/\/static.wixstatic.com\/media\/7e23fc_e3c1cc3200cb43f280ec4af0e85a9e05~mv2.jpg\/v1\/fill\/w_452,h_290,al_c,q_80,usm_0.66_1.00_0.01,enc_auto\/7e23fc_e3c1cc3200cb43f280ec4af0e85a9e05~mv2.jpg\"},{\"@type\":\"BreadcrumbList\",\"@id\":\"https:\/\/lugardemarmolejo.es\/?page_id=550#breadcrumb\",\"itemListElement\":[{\"@type\":\"ListItem\",\"position\":1,\"name\":\"Portada\",\"item\":\"https:\/\/lugardemarmolejo.es\/\"},{\"@type\":\"ListItem\",\"position\":2,\"name\":\"El Mercado de Abastos de Marmolejo\"}]},{\"@type\":\"WebSite\",\"@id\":\"https:\/\/lugardemarmolejo.es\/#website\",\"url\":\"https:\/\/lugardemarmolejo.es\/\",\"name\":\"El lugar de Marmolejo\",\"description\":\"\",\"potentialAction\":[{\"@type\":\"SearchAction\",\"target\":{\"@type\":\"EntryPoint\",\"urlTemplate\":\"https:\/\/lugardemarmolejo.es\/?s={search_term_string}\"},\"query-input\":{\"@type\":\"PropertyValueSpecification\",\"valueRequired\":true,\"valueName\":\"search_term_string\"}}],\"inLanguage\":\"es\"}]}<\/script>\n<!-- \/ Yoast SEO plugin. -->","yoast_head_json":{"title":"El Mercado de Abastos de Marmolejo - El lugar de Marmolejo","robots":{"index":"index","follow":"follow","max-snippet":"max-snippet:-1","max-image-preview":"max-image-preview:large","max-video-preview":"max-video-preview:-1"},"canonical":"https:\/\/lugardemarmolejo.es\/?page_id=550","og_locale":"es_ES","og_type":"article","og_title":"El Mercado de Abastos de Marmolejo - El lugar de Marmolejo","og_description":"-Manuel Perales Sol\u00eds- \u200b La construcci\u00f3n del Mercado de abastos de San Jos\u00e9 hay que enmarcarla dentro de las medidas llevadas a cabo por los primeros gobiernos de Franco para reparar los da\u00f1os causados durante la Guerra Civil en diversas localidades de la provincia de Ja\u00e9n, ubicadas en el l\u00edmite fronterizo con las provincias de [&hellip;]","og_url":"https:\/\/lugardemarmolejo.es\/?page_id=550","og_site_name":"El lugar de Marmolejo","og_image":[{"url":"https:\/\/static.wixstatic.com\/media\/7e23fc_e3c1cc3200cb43f280ec4af0e85a9e05~mv2.jpg\/v1\/fill\/w_452,h_290,al_c,q_80,usm_0.66_1.00_0.01,enc_auto\/7e23fc_e3c1cc3200cb43f280ec4af0e85a9e05~mv2.jpg","type":"","width":"","height":""}],"twitter_card":"summary_large_image","twitter_misc":{"Tiempo de lectura":"10 minutos"},"schema":{"@context":"https:\/\/schema.org","@graph":[{"@type":"WebPage","@id":"https:\/\/lugardemarmolejo.es\/?page_id=550","url":"https:\/\/lugardemarmolejo.es\/?page_id=550","name":"El Mercado de Abastos de Marmolejo - El lugar de Marmolejo","isPartOf":{"@id":"https:\/\/lugardemarmolejo.es\/#website"},"primaryImageOfPage":{"@id":"https:\/\/lugardemarmolejo.es\/?page_id=550#primaryimage"},"image":{"@id":"https:\/\/lugardemarmolejo.es\/?page_id=550#primaryimage"},"thumbnailUrl":"https:\/\/static.wixstatic.com\/media\/7e23fc_e3c1cc3200cb43f280ec4af0e85a9e05~mv2.jpg\/v1\/fill\/w_452,h_290,al_c,q_80,usm_0.66_1.00_0.01,enc_auto\/7e23fc_e3c1cc3200cb43f280ec4af0e85a9e05~mv2.jpg","datePublished":"2024-01-25T06:31:21+00:00","breadcrumb":{"@id":"https:\/\/lugardemarmolejo.es\/?page_id=550#breadcrumb"},"inLanguage":"es","potentialAction":[{"@type":"ReadAction","target":["https:\/\/lugardemarmolejo.es\/?page_id=550"]}]},{"@type":"ImageObject","inLanguage":"es","@id":"https:\/\/lugardemarmolejo.es\/?page_id=550#primaryimage","url":"https:\/\/static.wixstatic.com\/media\/7e23fc_e3c1cc3200cb43f280ec4af0e85a9e05~mv2.jpg\/v1\/fill\/w_452,h_290,al_c,q_80,usm_0.66_1.00_0.01,enc_auto\/7e23fc_e3c1cc3200cb43f280ec4af0e85a9e05~mv2.jpg","contentUrl":"https:\/\/static.wixstatic.com\/media\/7e23fc_e3c1cc3200cb43f280ec4af0e85a9e05~mv2.jpg\/v1\/fill\/w_452,h_290,al_c,q_80,usm_0.66_1.00_0.01,enc_auto\/7e23fc_e3c1cc3200cb43f280ec4af0e85a9e05~mv2.jpg"},{"@type":"BreadcrumbList","@id":"https:\/\/lugardemarmolejo.es\/?page_id=550#breadcrumb","itemListElement":[{"@type":"ListItem","position":1,"name":"Portada","item":"https:\/\/lugardemarmolejo.es\/"},{"@type":"ListItem","position":2,"name":"El Mercado de Abastos de Marmolejo"}]},{"@type":"WebSite","@id":"https:\/\/lugardemarmolejo.es\/#website","url":"https:\/\/lugardemarmolejo.es\/","name":"El lugar de Marmolejo","description":"","potentialAction":[{"@type":"SearchAction","target":{"@type":"EntryPoint","urlTemplate":"https:\/\/lugardemarmolejo.es\/?s={search_term_string}"},"query-input":{"@type":"PropertyValueSpecification","valueRequired":true,"valueName":"search_term_string"}}],"inLanguage":"es"}]}},"_links":{"self":[{"href":"https:\/\/lugardemarmolejo.es\/index.php?rest_route=\/wp\/v2\/pages\/550","targetHints":{"allow":["GET"]}}],"collection":[{"href":"https:\/\/lugardemarmolejo.es\/index.php?rest_route=\/wp\/v2\/pages"}],"about":[{"href":"https:\/\/lugardemarmolejo.es\/index.php?rest_route=\/wp\/v2\/types\/page"}],"author":[{"embeddable":true,"href":"https:\/\/lugardemarmolejo.es\/index.php?rest_route=\/wp\/v2\/users\/1"}],"replies":[{"embeddable":true,"href":"https:\/\/lugardemarmolejo.es\/index.php?rest_route=%2Fwp%2Fv2%2Fcomments&post=550"}],"version-history":[{"count":1,"href":"https:\/\/lugardemarmolejo.es\/index.php?rest_route=\/wp\/v2\/pages\/550\/revisions"}],"predecessor-version":[{"id":551,"href":"https:\/\/lugardemarmolejo.es\/index.php?rest_route=\/wp\/v2\/pages\/550\/revisions\/551"}],"wp:attachment":[{"href":"https:\/\/lugardemarmolejo.es\/index.php?rest_route=%2Fwp%2Fv2%2Fmedia&parent=550"}],"curies":[{"name":"wp","href":"https:\/\/api.w.org\/{rel}","templated":true}]}}