{"id":493,"date":"2023-12-30T11:05:20","date_gmt":"2023-12-30T11:05:20","guid":{"rendered":"https:\/\/lugardemarmolejo.es\/?page_id=493"},"modified":"2023-12-30T11:05:20","modified_gmt":"2023-12-30T11:05:20","slug":"la-capilla-de-san-camilo-de-lelis-de-montoro-en-la-pelicula-la-copla-andaluza-1929","status":"publish","type":"page","link":"https:\/\/lugardemarmolejo.es\/?page_id=493","title":{"rendered":"La capilla de San Camilo de Lelis de Montoro en la pel\u00edcula \u00abLa copla andaluza\u00bb 1929"},"content":{"rendered":"\n<h1 class=\"wp-block-heading\"><\/h1>\n\n\n\n<h4 class=\"wp-block-heading\">-Pedro J. Delgado Guerrero-&nbsp;<\/h4>\n\n\n\n<h6 class=\"wp-block-heading\"><a href=\"http:\/\/pasionpormontoro.blogspot.com\/\" target=\"_blank\" rel=\"noreferrer noopener\">http:\/\/pasionpormontoro.blogspot.com\/<\/a><\/h6>\n\n\n\n<figure class=\"wp-block-image\"><img decoding=\"async\" src=\"https:\/\/static.wixstatic.com\/media\/7e23fc_b1981acd08e54454b3092a2931beb902.jpg\/v1\/fill\/w_961,h_485,al_c,q_85,usm_0.66_1.00_0.01,enc_auto\/7e23fc_b1981acd08e54454b3092a2931beb902.jpg\" alt=\"\"\/><\/figure>\n\n\n<div class=\"wp-block-image\">\n<figure class=\"alignleft\"><img decoding=\"async\" src=\"https:\/\/static.wixstatic.com\/media\/7e23fc_78229c4caf324f72b9dc7b318d8a2e0a.jpg\/v1\/fill\/w_497,h_639,al_c,lg_1,q_80,enc_auto\/7e23fc_78229c4caf324f72b9dc7b318d8a2e0a.jpg\" alt=\"\"\/><figcaption class=\"wp-element-caption\"><strong>Interior\u00a0de\u00a0la\u00a0Capilla\u00a0de\u00a0San\u00a0Camilo\u00a0de\u00a0Lelis.\u00a01929.Fuente: Archivo Manola Ben\u00edtez.<\/strong><br><br><strong>T\u00edtulo de la fotograf\u00eda:<\/strong>\u00a0fotograma de la pel\u00edcula La copla andaluza<br>Fuente: Archivo Manola Ben\u00edtez.<br>Autor: Pel\u00edcula dirigida por Ernesto Gonz\u00e1lez.<br>Fecha: 1929<\/figcaption><\/figure>\n<\/div>\n\n\n<p>Descripci\u00f3n: El filme al que hacemos referencia, la Copla andaluza fue estrenada el 27 de noviembre de 1929 en el madrile\u00f1o Cine Pav\u00f3n. La pel\u00edcula fue rodada en Sevilla: Palacio y Exposici\u00f3n Iberoamericana, Minas de Riotinto (Huelva), Ja\u00e9n: And\u00fajar, Marmolejo, M\u00e1laga: Antequera, Granada: Sacromonte, Marruecos, Par\u00eds y en el molino de San Camilo de Lelis, conserv\u00e1ndose hasta el momento fotogramas del interior de la capilla y de otras estancias del molino donde tambi\u00e9n filmaron esta pel\u00edcula a finales de los a\u00f1os \u00a0veinte.<\/p>\n\n\n\n<p>A d\u00eda de hoy, la Filmoteca Espa\u00f1ola conserva una copia de este filme entre sus archivos, siendo hasta el momento el \u00fanico documento gr\u00e1fico donde observemos el complejo de San Camilo de Lelis en total funcionamiento y mantenimiento. En lo referido a la iglesia de San Camilo existe en el dintel de la portada de acceso a la capilla exist\u00eda una inscripci\u00f3n, que fue recientemente expoliada y que pon\u00eda de manifiesto que la Iglesia de San Camilo de Lelis Construida a expensas del Coronel Marques de Monteolivar por los Arquitectos Alonso y Franco Perez Palomino P. E Hijo en el a\u00f1o 1773.<\/p>\n\n\n\n<p>La capilla se dispone perpendicular a la fachada principal y se destaca al exterior mediante un peque\u00f1o comp\u00e1s, una potente espada\u00f1a y el tratamiento de la portada, que aparece rematada por un front\u00f3n. Es de una sola nave y est\u00e1 precedida por una exedra con asientos laterales. A pesar de que la cubierta estaba casi por completo hundida, hasta hace poco manten\u00eda la reja de lo que fue la barandilla del coro.<\/p>\n\n\n\n<p>Atendiendo a la fotograf\u00eda podemos observar una talla de San Camilo de Lelis, al que estaba consagrada esta capilla particular. Tambi\u00e9n destaca la capilla neog\u00f3tica, a la izquierda de la toma, la iglesia tambi\u00e9n contaba con varios lienzos de calidad y otras bienes muebles resaltables. Sin lugar a dudas, la joya de esta capilla era el magn\u00edfico retablo barroco con tres calles bien definidas, en esta obra de autor desconocido se alterna el trabajo de talla en madera con distintas pinturas al \u00f3leo.&nbsp;<\/p>\n\n\n\n<p>Por desgracia a la vista de las fotograf\u00edas tan solo se puede presenciar la pintura central, que seg\u00fan la disposici\u00f3n parece tratarse de la representaci\u00f3n de San Camilo de Lelis como protector y defensor de las almas. Posiblemente sea la tradicional escena del agonizante acompa\u00f1ado por los padres camilos y siendo atendido especialmente por el santo var\u00f3n.<\/p>\n\n\n\n<p>De igual modo son de resaltar los dos est\u00edpites centrales por su trabajo de talla y composici\u00f3n que al igual que todo el conjunto viene a manifestar la calidad art\u00edstica de la obra y el rico patrimonio &nbsp;sacro existente en el pueblo de Montoro y su Sierra hasta la llegada de la Guerra Civil, donde la injusticia, falta de condura e inter\u00e9s hist\u00f3rico-art\u00edstico nos priv\u00f3 de contemplar estas manifestaciones art\u00edsticas que durante tantos a\u00f1os formaron parte de nuestra historia.<\/p>\n\n\n\n<figure class=\"wp-block-image\"><img decoding=\"async\" src=\"https:\/\/static.wixstatic.com\/media\/7e23fc_72894137a74c4723ade8d63b5dea995c.jpg\/v1\/fill\/w_960,h_753,al_c,q_85,usm_0.66_1.00_0.01,enc_auto\/7e23fc_72894137a74c4723ade8d63b5dea995c.jpg\" alt=\"\"\/><\/figure>\n\n\n\n<p><\/p>\n","protected":false},"excerpt":{"rendered":"<p>-Pedro J. Delgado Guerrero-&nbsp; http:\/\/pasionpormontoro.blogspot.com\/ Descripci\u00f3n: El filme al que hacemos referencia, la Copla andaluza fue estrenada el 27 de noviembre de 1929 en el madrile\u00f1o Cine Pav\u00f3n. La pel\u00edcula fue rodada en Sevilla: Palacio y Exposici\u00f3n Iberoamericana, Minas de Riotinto (Huelva), Ja\u00e9n: And\u00fajar, Marmolejo, M\u00e1laga: Antequera, Granada: Sacromonte, Marruecos, Par\u00eds y en el molino [&hellip;]<\/p>\n","protected":false},"author":1,"featured_media":0,"parent":0,"menu_order":0,"comment_status":"closed","ping_status":"closed","template":"","meta":{"footnotes":""},"class_list":["post-493","page","type-page","status-publish","hentry"],"yoast_head":"<!-- This site is optimized with the Yoast SEO plugin v25.2 - https:\/\/yoast.com\/wordpress\/plugins\/seo\/ -->\n<title>La capilla de San Camilo de Lelis de Montoro en la pel\u00edcula &quot;La copla andaluza&quot; 1929 - El lugar de Marmolejo<\/title>\n<meta name=\"robots\" content=\"index, follow, max-snippet:-1, max-image-preview:large, max-video-preview:-1\" \/>\n<link rel=\"canonical\" href=\"https:\/\/lugardemarmolejo.es\/?page_id=493\" \/>\n<meta property=\"og:locale\" content=\"es_ES\" \/>\n<meta property=\"og:type\" content=\"article\" \/>\n<meta property=\"og:title\" content=\"La capilla de San Camilo de Lelis de Montoro en la pel\u00edcula &quot;La copla andaluza&quot; 1929 - El lugar de Marmolejo\" \/>\n<meta property=\"og:description\" content=\"-Pedro J. Delgado Guerrero-&nbsp; http:\/\/pasionpormontoro.blogspot.com\/ Descripci\u00f3n: El filme al que hacemos referencia, la Copla andaluza fue estrenada el 27 de noviembre de 1929 en el madrile\u00f1o Cine Pav\u00f3n. La pel\u00edcula fue rodada en Sevilla: Palacio y Exposici\u00f3n Iberoamericana, Minas de Riotinto (Huelva), Ja\u00e9n: And\u00fajar, Marmolejo, M\u00e1laga: Antequera, Granada: Sacromonte, Marruecos, Par\u00eds y en el molino [&hellip;]\" \/>\n<meta property=\"og:url\" content=\"https:\/\/lugardemarmolejo.es\/?page_id=493\" \/>\n<meta property=\"og:site_name\" content=\"El lugar de Marmolejo\" \/>\n<meta property=\"og:image\" content=\"https:\/\/static.wixstatic.com\/media\/7e23fc_b1981acd08e54454b3092a2931beb902.jpg\/v1\/fill\/w_961,h_485,al_c,q_85,usm_0.66_1.00_0.01,enc_auto\/7e23fc_b1981acd08e54454b3092a2931beb902.jpg\" \/>\n<meta name=\"twitter:card\" content=\"summary_large_image\" \/>\n<meta name=\"twitter:label1\" content=\"Tiempo de lectura\" \/>\n\t<meta name=\"twitter:data1\" content=\"3 minutos\" \/>\n<script type=\"application\/ld+json\" class=\"yoast-schema-graph\">{\"@context\":\"https:\/\/schema.org\",\"@graph\":[{\"@type\":\"WebPage\",\"@id\":\"https:\/\/lugardemarmolejo.es\/?page_id=493\",\"url\":\"https:\/\/lugardemarmolejo.es\/?page_id=493\",\"name\":\"La capilla de San Camilo de Lelis de Montoro en la pel\u00edcula \\\"La copla andaluza\\\" 1929 - El lugar de Marmolejo\",\"isPartOf\":{\"@id\":\"https:\/\/lugardemarmolejo.es\/#website\"},\"primaryImageOfPage\":{\"@id\":\"https:\/\/lugardemarmolejo.es\/?page_id=493#primaryimage\"},\"image\":{\"@id\":\"https:\/\/lugardemarmolejo.es\/?page_id=493#primaryimage\"},\"thumbnailUrl\":\"https:\/\/static.wixstatic.com\/media\/7e23fc_b1981acd08e54454b3092a2931beb902.jpg\/v1\/fill\/w_961,h_485,al_c,q_85,usm_0.66_1.00_0.01,enc_auto\/7e23fc_b1981acd08e54454b3092a2931beb902.jpg\",\"datePublished\":\"2023-12-30T11:05:20+00:00\",\"breadcrumb\":{\"@id\":\"https:\/\/lugardemarmolejo.es\/?page_id=493#breadcrumb\"},\"inLanguage\":\"es\",\"potentialAction\":[{\"@type\":\"ReadAction\",\"target\":[\"https:\/\/lugardemarmolejo.es\/?page_id=493\"]}]},{\"@type\":\"ImageObject\",\"inLanguage\":\"es\",\"@id\":\"https:\/\/lugardemarmolejo.es\/?page_id=493#primaryimage\",\"url\":\"https:\/\/static.wixstatic.com\/media\/7e23fc_b1981acd08e54454b3092a2931beb902.jpg\/v1\/fill\/w_961,h_485,al_c,q_85,usm_0.66_1.00_0.01,enc_auto\/7e23fc_b1981acd08e54454b3092a2931beb902.jpg\",\"contentUrl\":\"https:\/\/static.wixstatic.com\/media\/7e23fc_b1981acd08e54454b3092a2931beb902.jpg\/v1\/fill\/w_961,h_485,al_c,q_85,usm_0.66_1.00_0.01,enc_auto\/7e23fc_b1981acd08e54454b3092a2931beb902.jpg\"},{\"@type\":\"BreadcrumbList\",\"@id\":\"https:\/\/lugardemarmolejo.es\/?page_id=493#breadcrumb\",\"itemListElement\":[{\"@type\":\"ListItem\",\"position\":1,\"name\":\"Portada\",\"item\":\"https:\/\/lugardemarmolejo.es\/\"},{\"@type\":\"ListItem\",\"position\":2,\"name\":\"La capilla de San Camilo de Lelis de Montoro en la pel\u00edcula \u00abLa copla andaluza\u00bb 1929\"}]},{\"@type\":\"WebSite\",\"@id\":\"https:\/\/lugardemarmolejo.es\/#website\",\"url\":\"https:\/\/lugardemarmolejo.es\/\",\"name\":\"El lugar de Marmolejo\",\"description\":\"\",\"potentialAction\":[{\"@type\":\"SearchAction\",\"target\":{\"@type\":\"EntryPoint\",\"urlTemplate\":\"https:\/\/lugardemarmolejo.es\/?s={search_term_string}\"},\"query-input\":{\"@type\":\"PropertyValueSpecification\",\"valueRequired\":true,\"valueName\":\"search_term_string\"}}],\"inLanguage\":\"es\"}]}<\/script>\n<!-- \/ Yoast SEO plugin. -->","yoast_head_json":{"title":"La capilla de San Camilo de Lelis de Montoro en la pel\u00edcula \"La copla andaluza\" 1929 - El lugar de Marmolejo","robots":{"index":"index","follow":"follow","max-snippet":"max-snippet:-1","max-image-preview":"max-image-preview:large","max-video-preview":"max-video-preview:-1"},"canonical":"https:\/\/lugardemarmolejo.es\/?page_id=493","og_locale":"es_ES","og_type":"article","og_title":"La capilla de San Camilo de Lelis de Montoro en la pel\u00edcula \"La copla andaluza\" 1929 - El lugar de Marmolejo","og_description":"-Pedro J. Delgado Guerrero-&nbsp; http:\/\/pasionpormontoro.blogspot.com\/ Descripci\u00f3n: El filme al que hacemos referencia, la Copla andaluza fue estrenada el 27 de noviembre de 1929 en el madrile\u00f1o Cine Pav\u00f3n. La pel\u00edcula fue rodada en Sevilla: Palacio y Exposici\u00f3n Iberoamericana, Minas de Riotinto (Huelva), Ja\u00e9n: And\u00fajar, Marmolejo, M\u00e1laga: Antequera, Granada: Sacromonte, Marruecos, Par\u00eds y en el molino [&hellip;]","og_url":"https:\/\/lugardemarmolejo.es\/?page_id=493","og_site_name":"El lugar de Marmolejo","og_image":[{"url":"https:\/\/static.wixstatic.com\/media\/7e23fc_b1981acd08e54454b3092a2931beb902.jpg\/v1\/fill\/w_961,h_485,al_c,q_85,usm_0.66_1.00_0.01,enc_auto\/7e23fc_b1981acd08e54454b3092a2931beb902.jpg","type":"","width":"","height":""}],"twitter_card":"summary_large_image","twitter_misc":{"Tiempo de lectura":"3 minutos"},"schema":{"@context":"https:\/\/schema.org","@graph":[{"@type":"WebPage","@id":"https:\/\/lugardemarmolejo.es\/?page_id=493","url":"https:\/\/lugardemarmolejo.es\/?page_id=493","name":"La capilla de San Camilo de Lelis de Montoro en la pel\u00edcula \"La copla andaluza\" 1929 - El lugar de Marmolejo","isPartOf":{"@id":"https:\/\/lugardemarmolejo.es\/#website"},"primaryImageOfPage":{"@id":"https:\/\/lugardemarmolejo.es\/?page_id=493#primaryimage"},"image":{"@id":"https:\/\/lugardemarmolejo.es\/?page_id=493#primaryimage"},"thumbnailUrl":"https:\/\/static.wixstatic.com\/media\/7e23fc_b1981acd08e54454b3092a2931beb902.jpg\/v1\/fill\/w_961,h_485,al_c,q_85,usm_0.66_1.00_0.01,enc_auto\/7e23fc_b1981acd08e54454b3092a2931beb902.jpg","datePublished":"2023-12-30T11:05:20+00:00","breadcrumb":{"@id":"https:\/\/lugardemarmolejo.es\/?page_id=493#breadcrumb"},"inLanguage":"es","potentialAction":[{"@type":"ReadAction","target":["https:\/\/lugardemarmolejo.es\/?page_id=493"]}]},{"@type":"ImageObject","inLanguage":"es","@id":"https:\/\/lugardemarmolejo.es\/?page_id=493#primaryimage","url":"https:\/\/static.wixstatic.com\/media\/7e23fc_b1981acd08e54454b3092a2931beb902.jpg\/v1\/fill\/w_961,h_485,al_c,q_85,usm_0.66_1.00_0.01,enc_auto\/7e23fc_b1981acd08e54454b3092a2931beb902.jpg","contentUrl":"https:\/\/static.wixstatic.com\/media\/7e23fc_b1981acd08e54454b3092a2931beb902.jpg\/v1\/fill\/w_961,h_485,al_c,q_85,usm_0.66_1.00_0.01,enc_auto\/7e23fc_b1981acd08e54454b3092a2931beb902.jpg"},{"@type":"BreadcrumbList","@id":"https:\/\/lugardemarmolejo.es\/?page_id=493#breadcrumb","itemListElement":[{"@type":"ListItem","position":1,"name":"Portada","item":"https:\/\/lugardemarmolejo.es\/"},{"@type":"ListItem","position":2,"name":"La capilla de San Camilo de Lelis de Montoro en la pel\u00edcula \u00abLa copla andaluza\u00bb 1929"}]},{"@type":"WebSite","@id":"https:\/\/lugardemarmolejo.es\/#website","url":"https:\/\/lugardemarmolejo.es\/","name":"El lugar de Marmolejo","description":"","potentialAction":[{"@type":"SearchAction","target":{"@type":"EntryPoint","urlTemplate":"https:\/\/lugardemarmolejo.es\/?s={search_term_string}"},"query-input":{"@type":"PropertyValueSpecification","valueRequired":true,"valueName":"search_term_string"}}],"inLanguage":"es"}]}},"_links":{"self":[{"href":"https:\/\/lugardemarmolejo.es\/index.php?rest_route=\/wp\/v2\/pages\/493","targetHints":{"allow":["GET"]}}],"collection":[{"href":"https:\/\/lugardemarmolejo.es\/index.php?rest_route=\/wp\/v2\/pages"}],"about":[{"href":"https:\/\/lugardemarmolejo.es\/index.php?rest_route=\/wp\/v2\/types\/page"}],"author":[{"embeddable":true,"href":"https:\/\/lugardemarmolejo.es\/index.php?rest_route=\/wp\/v2\/users\/1"}],"replies":[{"embeddable":true,"href":"https:\/\/lugardemarmolejo.es\/index.php?rest_route=%2Fwp%2Fv2%2Fcomments&post=493"}],"version-history":[{"count":1,"href":"https:\/\/lugardemarmolejo.es\/index.php?rest_route=\/wp\/v2\/pages\/493\/revisions"}],"predecessor-version":[{"id":494,"href":"https:\/\/lugardemarmolejo.es\/index.php?rest_route=\/wp\/v2\/pages\/493\/revisions\/494"}],"wp:attachment":[{"href":"https:\/\/lugardemarmolejo.es\/index.php?rest_route=%2Fwp%2Fv2%2Fmedia&parent=493"}],"curies":[{"name":"wp","href":"https:\/\/api.w.org\/{rel}","templated":true}]}}