{"id":478,"date":"2023-12-13T06:43:08","date_gmt":"2023-12-13T06:43:08","guid":{"rendered":"https:\/\/lugardemarmolejo.es\/?page_id=478"},"modified":"2023-12-13T06:43:08","modified_gmt":"2023-12-13T06:43:08","slug":"patrimonio-arquitectonico-desaparecido-de-marmolejo-v","status":"publish","type":"page","link":"https:\/\/lugardemarmolejo.es\/?page_id=478","title":{"rendered":"Patrimonio arquitect\u00f3nico desaparecido de Marmolejo V"},"content":{"rendered":"\n<h1 class=\"wp-block-heading\"><\/h1>\n\n\n\n<h4 class=\"wp-block-heading\"><strong>-Manuel Perales Sol\u00eds-<\/strong><\/h4>\n\n\n\n<p>La demolici\u00f3n de los Grupos Escolares del Llano del Ejido, cuando a\u00fan no hab\u00edan pasado 50 a\u00f1os desde su inauguraci\u00f3n, supuso, sin lugar a dudas, una p\u00e9rdida irreparable para el patrimonio arquitect\u00f3nico marmoleje\u00f1o; ciertamente todo un lujo para una municipalidad, como la nuestra, de recursos limitados. Una vez m\u00e1s se volv\u00eda a repetir un acto, por desgracia, bastante recurrente en la historia m\u00e1s reciente de la localidad: el desprecio por lo creado con mimo y gran esfuerzo econ\u00f3mico por quienes nos precedieron. Lo que equivaldr\u00eda a decir: el desprecio por nuestras propias se\u00f1as de identidad. Y lo que es peor a\u00fan: se destruy\u00f3 un ejemplar interesant\u00edsimo representativo de la arquitectura civil de utilidad p\u00fablica del primer tercio del siglo XX, para ser sustituido, en el mismo solar que ocupaba junto al Paseo de La Libertad, por un anodino edificio (actual colegio de Ntra Sra. de La Paz) de dudoso gusto y absoluta carencia de valores funcionales y est\u00e9ticos. Hechos de este calado, estoy convencido, jam\u00e1s se hubiesen consumado en los pa\u00edses civilizados de nuestro entorno. &nbsp;<\/p>\n\n\n<div class=\"wp-block-image\">\n<figure class=\"alignleft is-resized\"><img decoding=\"async\" src=\"https:\/\/static.wixstatic.com\/media\/7e23fc_230a2669f261784de60e45cc4d9f3c28.jpg\/v1\/fill\/w_482,h_639,al_c,q_80,usm_0.66_1.00_0.01,enc_auto\/7e23fc_230a2669f261784de60e45cc4d9f3c28.jpg\" alt=\"\" style=\"width:293px;height:auto\"\/><figcaption class=\"wp-element-caption\"><strong>Portada del n\u00famero 6 de la revista \u201cCortijos y Rascacielos\u201d. Fuente: Hemeroteca Municipal de Madrid.<\/strong><\/figcaption><\/figure>\n<\/div>\n\n\n<p>&nbsp; El \u201cGrupo de Los Escolares\u201d fue una obra impulsada durante el mandato de Juan Luis Burlo G\u00f3nima, alcalde primoriverista entre 1925 y 1930, que fue finalizada durante la alcald\u00eda del alcalde socialista Andr\u00e9s Rodr\u00edguez G\u00f3mez en 1931. Estas escuelas de ense\u00f1anza primaria adaptadas a las exigencias de la nueva pedagog\u00eda, con aulas luminosas y espaciosas dotadas de calefacci\u00f3n y bibliotecas y de amplio recreo, fueron encargadas al arquitecto provincial Luis Berges Mart\u00ednez (1) dentro de un paquete de actuaciones m\u00e1s amplio que contemplaba, entre otras obras, la reedificaci\u00f3n del antiguo Ayuntamiento; unas dependencias para el Juzgado y Tel\u00e9grafos y unas viviendas para maestros\/as en la plaza del Coso.<\/p>\n\n\n\n<p>Todo un reto para Juan Luis Burlo cuyo objetivo era dotar a Marmolejo de unas instalaciones dignas acorde con las exigencias de los tiempos y el \u201ccachet\u201d adquirido por la villa al socaire de la celebridad de sus aguas minero-medicinales.<\/p>\n\n\n\n<p>Luis Berges formul\u00f3 el proyecto global con un presupuesto que ascend\u00eda a 300.000 pesetas. El Ayuntamiento en sesi\u00f3n plenaria del diciembre de 1926, hizo presente que las gestiones efectuadas para el pr\u00e9stamo con el Banco de Cr\u00e9dito Local no eran satisfactorias por los elevados intereses que habr\u00edan de pagarse a lo largo de 30 a\u00f1os, por lo que se propuso, como mejor soluci\u00f3n, acudir al Instituto Nacional de Previsi\u00f3n y sus Cajas colaboradoras, que estaban facultadas para la concesi\u00f3n de pr\u00e9stamos a los ayuntamientos para la construcci\u00f3n de escuelas o fines an\u00e1logos de utilidad p\u00fablica, mediante la pignoraci\u00f3n por dichas entidades de los bienes inmuebles que habr\u00edan de entregarse en prenda al Instituto o al mismo Banco de Espa\u00f1a. &nbsp;<\/p>\n\n\n\n<p>&nbsp; Finalmente el pr\u00e9stamo se solicit\u00f3 a la Caja de Previsi\u00f3n Social de Andaluc\u00eda Oriental y fue resuelto favorablemente, d\u00e1ndose cuenta a la Corporaci\u00f3n de su concesi\u00f3n por valor de 300.000 pesetas, a un 5% de inter\u00e9s durante 30 a\u00f1os, en la sesi\u00f3n plenaria de 18 de junio de 1927. Correr\u00edan por cuenta del Ayuntamiento los gastos de escritura, impuestos y dem\u00e1s que el pr\u00e9stamo ocasionare. Como garant\u00eda se utiliz\u00f3 la inscripci\u00f3n intransferible de la Deuda P\u00fablica perteneciente al Municipio del 80% de los Propios, por un valor nominal de 509.787,70 pesetas que fue depositada en el Banco de Espa\u00f1a, aprob\u00e1ndose un presupuesto extraordinario en octubre de 1927.<\/p>\n\n\n\n<p>&nbsp;En el anteproyecto de este presupuesto figuraban las partidas de 67.000 pesetas para la reedificaci\u00f3n de la Casa Consistorial y 90.000 para la construcci\u00f3n de los Grupos Escolares cuyas obras comenzar\u00edan al a\u00f1o siguiente.<\/p>\n\n\n\n<p>Su coste final, tras la subasta a la baja de las obras, result\u00f3 m\u00e1s econ\u00f3mico quedando establecido en 70.950 pesetas, 10.950 de las cuales ser\u00edan aportadas por el Ayuntamiento y las 60.000 restantes por el Estado. Se finalizaron las obras en el oto\u00f1o de 1931, gracias al impulso dado por la primera corporaci\u00f3n republicana presidida por el socialista Andr\u00e9s Rodr\u00edguez G\u00f3mez que realizar\u00eda activas gestiones en Madrid ante el Presidente de la 2\u00aa Rep\u00fablica, Niceto Alcal\u00e1 Zamora para que el Estado cumpliese con sus compromisos presupuestarios. &nbsp;<\/p>\n\n\n<div class=\"wp-block-image\">\n<figure class=\"alignleft is-resized\"><img decoding=\"async\" src=\"https:\/\/static.wixstatic.com\/media\/7e23fc_07a99debbe163adcc8879112dc39f875.jpg\/v1\/fill\/w_729,h_894,al_c,q_85,usm_0.66_1.00_0.01,enc_auto\/7e23fc_07a99debbe163adcc8879112dc39f875.jpg\" alt=\"\" style=\"width:421px;height:auto\"\/><figcaption class=\"wp-element-caption\"><strong>Los Grupos Escolares del Llano del Ejido. Fuente: Revista \u201cCortijos y Rascacielos\u201d. Hemeroteca Municipal de Madrid.<\/strong><\/figcaption><\/figure>\n<\/div>\n\n<div class=\"wp-block-image\">\n<figure class=\"alignright is-resized\"><img decoding=\"async\" src=\"https:\/\/static.wixstatic.com\/media\/7e23fc_8cb2112f83f04a02726218d14a137013.jpg\/v1\/fill\/w_677,h_894,al_c,q_85,usm_0.66_1.00_0.01,enc_auto\/7e23fc_8cb2112f83f04a02726218d14a137013.jpg\" alt=\"\" style=\"width:393px;height:auto\"\/><figcaption class=\"wp-element-caption\"><strong>Planos del Grupo de Escolares, realizados por el Arquitecto Luis Berges Mart\u00ednez. Fuente: Revista \u201cCortijos y Rascacielos\u201d. Hemeroteca Municipal de Madrid.<\/strong><\/figcaption><\/figure>\n<\/div>\n\n\n<p><\/p>\n\n\n\n<p><\/p>\n\n\n\n<p>&nbsp;La calidad e importancia de este edificio tuvo su eco en la prestigiosa revista de arquitectura \u201cCortijos y Rascacielos\u201d que editaba el Ayuntamiento de Madrid, en donde s\u00f3lo se daba cuenta de los edificios de inter\u00e9s que por esos a\u00f1os se constru\u00edan en Espa\u00f1a y en el mundo. En esta ocasi\u00f3n la redacci\u00f3n de la revista elabor\u00f3 un reportaje documental que fue publicado en el n\u00ba 6, correspondiente al oto\u00f1o de 1931. En \u00e9l se resaltaban las caracter\u00edsticas del edificio: \u201cEscuelas graduadas. Seis grados, tres para cada sexo, construidas en Marmolejo (Ja\u00e9n). Su arquitectura est\u00e1 perfectamente ajustada a la tradici\u00f3n del pa\u00eds, dentro de un concepto de modernidad y es muestra del acierto que tiene en sus obras Berges. Los materiales empleados han sido la mamposter\u00eda ordinaria en muros, tabiquer\u00eda de ladrillo, soler\u00eda hidr\u00e1ulica y cubierta de teja \u00e1rabe, sobre armadura de madera. Ha costado 70.950 pesetas, de las que el Estado pag\u00f3 60.000 y el Ayuntamiento 10.950 pesetas\u201d.<\/p>\n\n\n\n<p>Los Grupos Escolares fueron inaugurados en el curso de 1931-1932, d\u00e1ndosele el nombre de \u201cPablo Iglesias\u201d en recuerdo del hist\u00f3rico l\u00edder socialista.<\/p>\n\n\n<div class=\"wp-block-image\">\n<figure class=\"aligncenter\"><img decoding=\"async\" src=\"https:\/\/static.wixstatic.com\/media\/7e23fc_d1d614e4599d251e5891e643d419e100.jpg\/v1\/fill\/w_894,h_474,al_c,q_85,usm_0.66_1.00_0.01,enc_auto\/7e23fc_d1d614e4599d251e5891e643d419e100.jpg\" alt=\"\"\/><figcaption class=\"wp-element-caption\"><strong>Fachada sur, hacia el Paseo de la Libertad, de los Grupos Escolares. Fuente: \u201cCortijos y Rascacielos\u201d. Hemeroteca Municipal de Madrid.<\/strong><\/figcaption><\/figure>\n<\/div>\n\n<div class=\"wp-block-image\">\n<figure class=\"aligncenter\"><img decoding=\"async\" src=\"https:\/\/static.wixstatic.com\/media\/7e23fc_b632fae1c7eacd33f3f572e74dda7593.jpg\/v1\/fill\/w_780,h_384,al_c,q_80,enc_auto\/7e23fc_b632fae1c7eacd33f3f572e74dda7593.jpg\" alt=\"\"\/><figcaption class=\"wp-element-caption\"><strong>Fachada sur-oeste,\u00a0hacia la carretera de la Estaci\u00f3n, de los Grupos Escolares. Hemeroteca Municipal de Madrid.<\/strong><\/figcaption><\/figure>\n<\/div>\n\n<div class=\"wp-block-image\">\n<figure class=\"alignleft is-resized\"><img decoding=\"async\" src=\"https:\/\/static.wixstatic.com\/media\/7e23fc_0073dddcf5b9f0adde3ffa841bcbdaed.jpg\/v1\/fill\/w_331,h_346,al_c,lg_1,q_80,enc_auto\/7e23fc_0073dddcf5b9f0adde3ffa841bcbdaed.jpg\" alt=\"\" style=\"width:294px;height:auto\"\/><figcaption class=\"wp-element-caption\"><strong>El arquitecto Luis Berges Mart\u00ednez (izquierda) en la inauguraci\u00f3n del monumento a Aguilar y Eslava en Cabra (C\u00f3rdoba) en octubre de 1933, de cuya obra fue autor. Fuente: Antonio Su\u00e1rez Cabello en \u201cLa huella del arquitecto Luis Berges en Cabra\u201d. Art\u00edculo publicado en \u201cLa Opini\u00f3n\u201d, diario digital.<\/strong><\/figcaption><\/figure>\n<\/div>\n\n\n<p>(1)Luis Berges Mart\u00ednez naci\u00f3 en Guadalajara en 1891 y falleci\u00f3 en Ja\u00e9n en 1939. Era hijo de padres jienenses. Su padre era comandante del Cuerpo de Ingenieros y profesor de la Academia Militar. Nuestro arquitecto vivi\u00f3 primero en Granada. Pero luego la familia se estableci\u00f3 en el Ja\u00e9n de sus ra\u00edces. Aqu\u00ed hizo el Bachillerato y termin\u00f3 arquitectura en 1919. En 1922, despu\u00e9s de trabajar para el Catastro Urbano de M\u00e1laga, obtuvo por oposici\u00f3n la plaza de arquitecto municipal de Ja\u00e9n. En 1924 fue designado arquitecto de la Diputaci\u00f3n Provincial. Tambi\u00e9n arquitecto diocesano y de las obras civiles del Ministerio de Instrucci\u00f3n P\u00fablica y Bellas Artes de la Provincia. Fue tambi\u00e9n profesor de la Escuela de Artes y Oficios.<\/p>\n\n\n\n<p>Berges Mart\u00ednez hizo bastantes edificios p\u00fablicos y privados. A Ja\u00e9n dedic\u00f3 casi toda su vida profesional. Intervino en la terminaci\u00f3n Seminario Diocesano, hizo la Cl\u00ednica de Los Palmas y varios edificios modernistas. Viaj\u00f3 por Francia, B\u00e9lgica, Alemania y Suiza para la construcci\u00f3n de un manicomio moderno \u00abLos Prados\u00bb de Ja\u00e9n. Emiti\u00f3 informes sobre monumentos de la provincia, entre ellos uno, en 1930, sobre el estado de ruina de la Iglesia de Santa Mar\u00eda de los Reales Alc\u00e1zares de \u00dabeda.<\/p>\n\n\n\n<p>Tuvo una visi\u00f3n de futuro y a \u00e9l se debe un ambicioso proyecto para el Ensanche de Ja\u00e9n en 1927 y tambi\u00e9n el de la frustrada prolongaci\u00f3n de La Carrera. Hizo el Pabell\u00f3n de la Provincia de Ja\u00e9n para la Exposici\u00f3n Ibero-Americana de Sevilla (1929) cuyo proyecto mereci\u00f3 una Medalla de Bronce. Fue amante de la cultura, especialmente de la m\u00fasica, y se distingui\u00f3 como un arquitecto urbanista y humanista vinculado desde siempre con la ciudad de Ja\u00e9n. (Rese\u00f1a biogr\u00e1fica extra\u00edda de Ideal.es).<\/p>\n\n\n\n<h6 class=\"wp-block-heading\"><strong>Fuentes y Bibliograf\u00eda:<\/strong><\/h6>\n\n\n\n<p>-Actas Municipales de los a\u00f1os 1926 a 1931. Ayuntamiento de Marmolejo.<\/p>\n\n\n\n<p>-Diario \u201cLa Independencia\u201d, n\u00famero 6794, de 16 de septiembre de 1929. Almer\u00eda<\/p>\n\n\n\n<p>-Revista de Arquitectura \u201cCortijos y Rascacielos\u201d, n\u00famero 6. Oto\u00f1o de 1931. Hemeroteca Municipal de Madrid.<\/p>\n","protected":false},"excerpt":{"rendered":"<p>-Manuel Perales Sol\u00eds- La demolici\u00f3n de los Grupos Escolares del Llano del Ejido, cuando a\u00fan no hab\u00edan pasado 50 a\u00f1os desde su inauguraci\u00f3n, supuso, sin lugar a dudas, una p\u00e9rdida irreparable para el patrimonio arquitect\u00f3nico marmoleje\u00f1o; ciertamente todo un lujo para una municipalidad, como la nuestra, de recursos limitados. Una vez m\u00e1s se volv\u00eda a [&hellip;]<\/p>\n","protected":false},"author":1,"featured_media":0,"parent":0,"menu_order":0,"comment_status":"closed","ping_status":"closed","template":"","meta":{"footnotes":""},"class_list":["post-478","page","type-page","status-publish","hentry"],"yoast_head":"<!-- This site is optimized with the Yoast SEO plugin v25.2 - https:\/\/yoast.com\/wordpress\/plugins\/seo\/ -->\n<title>Patrimonio arquitect\u00f3nico desaparecido de Marmolejo V - El lugar de Marmolejo<\/title>\n<meta name=\"robots\" content=\"index, follow, max-snippet:-1, max-image-preview:large, max-video-preview:-1\" \/>\n<link rel=\"canonical\" href=\"https:\/\/lugardemarmolejo.es\/?page_id=478\" \/>\n<meta property=\"og:locale\" content=\"es_ES\" \/>\n<meta property=\"og:type\" content=\"article\" \/>\n<meta property=\"og:title\" content=\"Patrimonio arquitect\u00f3nico desaparecido de Marmolejo V - El lugar de Marmolejo\" \/>\n<meta property=\"og:description\" content=\"-Manuel Perales Sol\u00eds- La demolici\u00f3n de los Grupos Escolares del Llano del Ejido, cuando a\u00fan no hab\u00edan pasado 50 a\u00f1os desde su inauguraci\u00f3n, supuso, sin lugar a dudas, una p\u00e9rdida irreparable para el patrimonio arquitect\u00f3nico marmoleje\u00f1o; ciertamente todo un lujo para una municipalidad, como la nuestra, de recursos limitados. Una vez m\u00e1s se volv\u00eda a [&hellip;]\" \/>\n<meta property=\"og:url\" content=\"https:\/\/lugardemarmolejo.es\/?page_id=478\" \/>\n<meta property=\"og:site_name\" content=\"El lugar de Marmolejo\" \/>\n<meta property=\"og:image\" content=\"https:\/\/static.wixstatic.com\/media\/7e23fc_230a2669f261784de60e45cc4d9f3c28.jpg\/v1\/fill\/w_482,h_639,al_c,q_80,usm_0.66_1.00_0.01,enc_auto\/7e23fc_230a2669f261784de60e45cc4d9f3c28.jpg\" \/>\n<meta name=\"twitter:card\" content=\"summary_large_image\" \/>\n<meta name=\"twitter:label1\" content=\"Tiempo de lectura\" \/>\n\t<meta name=\"twitter:data1\" content=\"8 minutos\" \/>\n<script type=\"application\/ld+json\" class=\"yoast-schema-graph\">{\"@context\":\"https:\/\/schema.org\",\"@graph\":[{\"@type\":\"WebPage\",\"@id\":\"https:\/\/lugardemarmolejo.es\/?page_id=478\",\"url\":\"https:\/\/lugardemarmolejo.es\/?page_id=478\",\"name\":\"Patrimonio arquitect\u00f3nico desaparecido de Marmolejo V - El lugar de Marmolejo\",\"isPartOf\":{\"@id\":\"https:\/\/lugardemarmolejo.es\/#website\"},\"primaryImageOfPage\":{\"@id\":\"https:\/\/lugardemarmolejo.es\/?page_id=478#primaryimage\"},\"image\":{\"@id\":\"https:\/\/lugardemarmolejo.es\/?page_id=478#primaryimage\"},\"thumbnailUrl\":\"https:\/\/static.wixstatic.com\/media\/7e23fc_230a2669f261784de60e45cc4d9f3c28.jpg\/v1\/fill\/w_482,h_639,al_c,q_80,usm_0.66_1.00_0.01,enc_auto\/7e23fc_230a2669f261784de60e45cc4d9f3c28.jpg\",\"datePublished\":\"2023-12-13T06:43:08+00:00\",\"breadcrumb\":{\"@id\":\"https:\/\/lugardemarmolejo.es\/?page_id=478#breadcrumb\"},\"inLanguage\":\"es\",\"potentialAction\":[{\"@type\":\"ReadAction\",\"target\":[\"https:\/\/lugardemarmolejo.es\/?page_id=478\"]}]},{\"@type\":\"ImageObject\",\"inLanguage\":\"es\",\"@id\":\"https:\/\/lugardemarmolejo.es\/?page_id=478#primaryimage\",\"url\":\"https:\/\/static.wixstatic.com\/media\/7e23fc_230a2669f261784de60e45cc4d9f3c28.jpg\/v1\/fill\/w_482,h_639,al_c,q_80,usm_0.66_1.00_0.01,enc_auto\/7e23fc_230a2669f261784de60e45cc4d9f3c28.jpg\",\"contentUrl\":\"https:\/\/static.wixstatic.com\/media\/7e23fc_230a2669f261784de60e45cc4d9f3c28.jpg\/v1\/fill\/w_482,h_639,al_c,q_80,usm_0.66_1.00_0.01,enc_auto\/7e23fc_230a2669f261784de60e45cc4d9f3c28.jpg\"},{\"@type\":\"BreadcrumbList\",\"@id\":\"https:\/\/lugardemarmolejo.es\/?page_id=478#breadcrumb\",\"itemListElement\":[{\"@type\":\"ListItem\",\"position\":1,\"name\":\"Portada\",\"item\":\"https:\/\/lugardemarmolejo.es\/\"},{\"@type\":\"ListItem\",\"position\":2,\"name\":\"Patrimonio arquitect\u00f3nico desaparecido de Marmolejo V\"}]},{\"@type\":\"WebSite\",\"@id\":\"https:\/\/lugardemarmolejo.es\/#website\",\"url\":\"https:\/\/lugardemarmolejo.es\/\",\"name\":\"El lugar de Marmolejo\",\"description\":\"\",\"potentialAction\":[{\"@type\":\"SearchAction\",\"target\":{\"@type\":\"EntryPoint\",\"urlTemplate\":\"https:\/\/lugardemarmolejo.es\/?s={search_term_string}\"},\"query-input\":{\"@type\":\"PropertyValueSpecification\",\"valueRequired\":true,\"valueName\":\"search_term_string\"}}],\"inLanguage\":\"es\"}]}<\/script>\n<!-- \/ Yoast SEO plugin. -->","yoast_head_json":{"title":"Patrimonio arquitect\u00f3nico desaparecido de Marmolejo V - El lugar de Marmolejo","robots":{"index":"index","follow":"follow","max-snippet":"max-snippet:-1","max-image-preview":"max-image-preview:large","max-video-preview":"max-video-preview:-1"},"canonical":"https:\/\/lugardemarmolejo.es\/?page_id=478","og_locale":"es_ES","og_type":"article","og_title":"Patrimonio arquitect\u00f3nico desaparecido de Marmolejo V - El lugar de Marmolejo","og_description":"-Manuel Perales Sol\u00eds- La demolici\u00f3n de los Grupos Escolares del Llano del Ejido, cuando a\u00fan no hab\u00edan pasado 50 a\u00f1os desde su inauguraci\u00f3n, supuso, sin lugar a dudas, una p\u00e9rdida irreparable para el patrimonio arquitect\u00f3nico marmoleje\u00f1o; ciertamente todo un lujo para una municipalidad, como la nuestra, de recursos limitados. Una vez m\u00e1s se volv\u00eda a [&hellip;]","og_url":"https:\/\/lugardemarmolejo.es\/?page_id=478","og_site_name":"El lugar de Marmolejo","og_image":[{"url":"https:\/\/static.wixstatic.com\/media\/7e23fc_230a2669f261784de60e45cc4d9f3c28.jpg\/v1\/fill\/w_482,h_639,al_c,q_80,usm_0.66_1.00_0.01,enc_auto\/7e23fc_230a2669f261784de60e45cc4d9f3c28.jpg","type":"","width":"","height":""}],"twitter_card":"summary_large_image","twitter_misc":{"Tiempo de lectura":"8 minutos"},"schema":{"@context":"https:\/\/schema.org","@graph":[{"@type":"WebPage","@id":"https:\/\/lugardemarmolejo.es\/?page_id=478","url":"https:\/\/lugardemarmolejo.es\/?page_id=478","name":"Patrimonio arquitect\u00f3nico desaparecido de Marmolejo V - El lugar de Marmolejo","isPartOf":{"@id":"https:\/\/lugardemarmolejo.es\/#website"},"primaryImageOfPage":{"@id":"https:\/\/lugardemarmolejo.es\/?page_id=478#primaryimage"},"image":{"@id":"https:\/\/lugardemarmolejo.es\/?page_id=478#primaryimage"},"thumbnailUrl":"https:\/\/static.wixstatic.com\/media\/7e23fc_230a2669f261784de60e45cc4d9f3c28.jpg\/v1\/fill\/w_482,h_639,al_c,q_80,usm_0.66_1.00_0.01,enc_auto\/7e23fc_230a2669f261784de60e45cc4d9f3c28.jpg","datePublished":"2023-12-13T06:43:08+00:00","breadcrumb":{"@id":"https:\/\/lugardemarmolejo.es\/?page_id=478#breadcrumb"},"inLanguage":"es","potentialAction":[{"@type":"ReadAction","target":["https:\/\/lugardemarmolejo.es\/?page_id=478"]}]},{"@type":"ImageObject","inLanguage":"es","@id":"https:\/\/lugardemarmolejo.es\/?page_id=478#primaryimage","url":"https:\/\/static.wixstatic.com\/media\/7e23fc_230a2669f261784de60e45cc4d9f3c28.jpg\/v1\/fill\/w_482,h_639,al_c,q_80,usm_0.66_1.00_0.01,enc_auto\/7e23fc_230a2669f261784de60e45cc4d9f3c28.jpg","contentUrl":"https:\/\/static.wixstatic.com\/media\/7e23fc_230a2669f261784de60e45cc4d9f3c28.jpg\/v1\/fill\/w_482,h_639,al_c,q_80,usm_0.66_1.00_0.01,enc_auto\/7e23fc_230a2669f261784de60e45cc4d9f3c28.jpg"},{"@type":"BreadcrumbList","@id":"https:\/\/lugardemarmolejo.es\/?page_id=478#breadcrumb","itemListElement":[{"@type":"ListItem","position":1,"name":"Portada","item":"https:\/\/lugardemarmolejo.es\/"},{"@type":"ListItem","position":2,"name":"Patrimonio arquitect\u00f3nico desaparecido de Marmolejo V"}]},{"@type":"WebSite","@id":"https:\/\/lugardemarmolejo.es\/#website","url":"https:\/\/lugardemarmolejo.es\/","name":"El lugar de Marmolejo","description":"","potentialAction":[{"@type":"SearchAction","target":{"@type":"EntryPoint","urlTemplate":"https:\/\/lugardemarmolejo.es\/?s={search_term_string}"},"query-input":{"@type":"PropertyValueSpecification","valueRequired":true,"valueName":"search_term_string"}}],"inLanguage":"es"}]}},"_links":{"self":[{"href":"https:\/\/lugardemarmolejo.es\/index.php?rest_route=\/wp\/v2\/pages\/478","targetHints":{"allow":["GET"]}}],"collection":[{"href":"https:\/\/lugardemarmolejo.es\/index.php?rest_route=\/wp\/v2\/pages"}],"about":[{"href":"https:\/\/lugardemarmolejo.es\/index.php?rest_route=\/wp\/v2\/types\/page"}],"author":[{"embeddable":true,"href":"https:\/\/lugardemarmolejo.es\/index.php?rest_route=\/wp\/v2\/users\/1"}],"replies":[{"embeddable":true,"href":"https:\/\/lugardemarmolejo.es\/index.php?rest_route=%2Fwp%2Fv2%2Fcomments&post=478"}],"version-history":[{"count":1,"href":"https:\/\/lugardemarmolejo.es\/index.php?rest_route=\/wp\/v2\/pages\/478\/revisions"}],"predecessor-version":[{"id":479,"href":"https:\/\/lugardemarmolejo.es\/index.php?rest_route=\/wp\/v2\/pages\/478\/revisions\/479"}],"wp:attachment":[{"href":"https:\/\/lugardemarmolejo.es\/index.php?rest_route=%2Fwp%2Fv2%2Fmedia&parent=478"}],"curies":[{"name":"wp","href":"https:\/\/api.w.org\/{rel}","templated":true}]}}